{"id":769,"date":"2020-03-25T14:50:57","date_gmt":"2020-03-25T13:50:57","guid":{"rendered":"https:\/\/www.bimandco.com\/bim\/?page_id=769"},"modified":"2023-08-28T16:56:22","modified_gmt":"2023-08-28T14:56:22","slug":"notre-mission","status":"publish","type":"page","link":"https:\/\/www.bimandco.com\/bim\/fr\/notre-mission\/","title":{"rendered":"Notre mission"},"content":{"rendered":"<div id=\"pl-gb769-69dc7f755d45d\"  class=\"panel-layout\" ><div id=\"pg-gb769-69dc7f755d45d-0\"  class=\"panel-grid panel-has-style\" ><div class=\"page-section container panel-row-style panel-row-style-for-gb769-69dc7f755d45d-0\" id=\"section-manifesto01\" ><div id=\"pgc-gb769-69dc7f755d45d-0-0\"  class=\"panel-grid-cell\" ><div id=\"panel-gb769-69dc7f755d45d-0-0-0\" class=\"widget_text so-panel widget widget_custom_html panel-first-child panel-last-child\" data-index=\"0\" ><div class=\"widget_text description panel-widget-style panel-widget-style-for-gb769-69dc7f755d45d-0-0-0\" ><div class=\"textwidget custom-html-widget\"><h1><span>Notre mission<\/span>Ici, on harmonise !<\/h1><p>Avec notre technologie unique d\u2019harmonisation, nous rendons les donn\u00e9es Fabricants compatibles au-del\u00e0 des langues et standards, permettant leur diffusion vers tous types d\u2019outils ; des logiciels de calculs aux logiciels de conception, mod\u00e9lisation BIM etc&#8230;<\/p><\/div><\/div><\/div><\/div><\/div><\/div><\/div>\n\n<div id=\"pl-gb769-69dc7f755d9fd\"  class=\"panel-layout\" ><div id=\"pg-gb769-69dc7f755d9fd-0\"  class=\"panel-grid panel-has-style\" ><div class=\"page-section panel-row-style panel-row-style-for-gb769-69dc7f755d9fd-0\" id=\"section-manifesto02\" ><div id=\"pgc-gb769-69dc7f755d9fd-0-0\"  class=\"panel-grid-cell\" ><div id=\"panel-gb769-69dc7f755d9fd-0-0-0\" class=\"so-panel widget widget_siteorigin-panels-builder panel-first-child panel-last-child\" data-index=\"0\" ><div class=\"container panel-widget-style panel-widget-style-for-gb769-69dc7f755d9fd-0-0-0\" ><div id=\"pl-w5ef04a7d9a905\"  class=\"panel-layout\" ><div id=\"pg-w5ef04a7d9a905-0\"  class=\"panel-grid panel-no-style\" ><div id=\"pgc-w5ef04a7d9a905-0-0\"  class=\"panel-grid-cell\" ><div id=\"panel-w5ef04a7d9a905-0-0-0\" class=\"so-panel widget widget_media_image panel-first-child panel-last-child\" data-index=\"0\" ><div class=\"rellax1 panel-widget-style panel-widget-style-for-w5ef04a7d9a905-0-0-0\" ><img fetchpriority=\"high\" decoding=\"async\" width=\"640\" height=\"413\" src=\"https:\/\/www.bimandco.com\/bim\/wp-content\/uploads\/2020\/03\/cracking-geometry-1024x660.jpg\" class=\"image wp-image-782  attachment-large size-large\" alt=\"\" style=\"max-width: 100%; height: auto;\" srcset=\"https:\/\/www.bimandco.com\/bim\/wp-content\/uploads\/2020\/03\/cracking-geometry-1024x660.jpg 1024w, https:\/\/www.bimandco.com\/bim\/wp-content\/uploads\/2020\/03\/cracking-geometry-300x193.jpg 300w, https:\/\/www.bimandco.com\/bim\/wp-content\/uploads\/2020\/03\/cracking-geometry-150x97.jpg 150w, https:\/\/www.bimandco.com\/bim\/wp-content\/uploads\/2020\/03\/cracking-geometry-768x495.jpg 768w, https:\/\/www.bimandco.com\/bim\/wp-content\/uploads\/2020\/03\/cracking-geometry-1536x991.jpg 1536w, https:\/\/www.bimandco.com\/bim\/wp-content\/uploads\/2020\/03\/cracking-geometry.jpg 1819w\" sizes=\"(max-width: 640px) 100vw, 640px\" \/><\/div><\/div><\/div><div id=\"pgc-w5ef04a7d9a905-0-1\"  class=\"panel-grid-cell\" ><div id=\"panel-w5ef04a7d9a905-0-1-0\" class=\"so-panel widget widget_text panel-first-child\" data-index=\"1\" ><div class=\"suptitle-tag panel-widget-style panel-widget-style-for-w5ef04a7d9a905-0-1-0\" >\t\t\t<div class=\"textwidget\"><p>UN PARTI-PRIS AUDACIEUX<\/p>\n<\/div>\n\t\t<\/div><\/div><div id=\"panel-w5ef04a7d9a905-0-1-1\" class=\"widget_text so-panel widget widget_custom_html panel-last-child\" data-index=\"2\" ><div class=\"textwidget custom-html-widget\"><h2><span>Geom\u00e9trie<\/span> &amp; donn\u00e9e en union libre<\/h2>\n<p>Les donn\u00e9es produits doivent \u00eatre structur\u00e9es pour r\u00e9pondre aux diff\u00e9rents besoins, les formes g\u00e9om\u00e9triques doivent \u00e9galement \u00eatre disponibles dans tout environnement 3D. Nous traitons la donn\u00e9e ind\u00e9pendamment de la g\u00e9om\u00e9trie et les reconnectons sous forme d\u2019objet dynamique, permettant une gestion avanc\u00e9e de la donn\u00e9e synchronis\u00e9e avec les fichiers natifs.<\/p>\n<\/div><\/div><\/div><\/div><\/div><\/div><\/div><\/div><\/div><\/div><\/div>\n\n<div id=\"pl-gb769-69dc7f755eff8\"  class=\"panel-layout\" ><div id=\"pg-gb769-69dc7f755eff8-0\"  class=\"panel-grid panel-has-style\" ><div class=\"page-section panel-row-style panel-row-style-for-gb769-69dc7f755eff8-0\" id=\"section-manifesto03\" ><div id=\"pgc-gb769-69dc7f755eff8-0-0\"  class=\"panel-grid-cell\" ><div id=\"panel-gb769-69dc7f755eff8-0-0-0\" class=\"so-panel widget widget_siteorigin-panels-builder panel-first-child panel-last-child\" data-index=\"0\" ><div id=\"pl-w5ef047ecbd750\"  class=\"panel-layout\" ><div id=\"pg-w5ef047ecbd750-0\"  class=\"panel-grid panel-has-style\" ><div class=\"container panel-row-style panel-row-style-for-w5ef047ecbd750-0\" ><div id=\"pgc-w5ef047ecbd750-0-0\"  class=\"panel-grid-cell\" ><div id=\"panel-w5ef047ecbd750-0-0-0\" class=\"so-panel widget widget_media_image panel-first-child panel-last-child\" data-index=\"0\" ><div id=\"data-img\" class=\"panel-widget-style panel-widget-style-for-w5ef047ecbd750-0-0-0\" ><img decoding=\"async\" width=\"1031\" height=\"580\" src=\"https:\/\/www.bimandco.com\/bim\/wp-content\/uploads\/2020\/03\/in-data-we-trust-1536x864.jpg\" class=\"image wp-image-787  attachment-1031x580 size-1031x580\" alt=\"\" style=\"max-width: 100%; height: auto;\" srcset=\"https:\/\/www.bimandco.com\/bim\/wp-content\/uploads\/2020\/03\/in-data-we-trust-1536x864.jpg 1536w, https:\/\/www.bimandco.com\/bim\/wp-content\/uploads\/2020\/03\/in-data-we-trust-300x169.jpg 300w, https:\/\/www.bimandco.com\/bim\/wp-content\/uploads\/2020\/03\/in-data-we-trust-1024x576.jpg 1024w, https:\/\/www.bimandco.com\/bim\/wp-content\/uploads\/2020\/03\/in-data-we-trust-150x84.jpg 150w, https:\/\/www.bimandco.com\/bim\/wp-content\/uploads\/2020\/03\/in-data-we-trust-768x432.jpg 768w, https:\/\/www.bimandco.com\/bim\/wp-content\/uploads\/2020\/03\/in-data-we-trust-2048x1152.jpg 2048w\" sizes=\"(max-width: 1031px) 100vw, 1031px\" \/><\/div><\/div><\/div><div id=\"pgc-w5ef047ecbd750-0-1\"  class=\"panel-grid-cell\" ><div id=\"panel-w5ef047ecbd750-0-1-0\" class=\"widget_text so-panel widget widget_custom_html panel-first-child panel-last-child\" data-index=\"1\" ><div id=\"data-text\" class=\"widget_text panel-widget-style panel-widget-style-for-w5ef047ecbd750-0-1-0\" ><div class=\"textwidget custom-html-widget\"><h2>Nous avons foi envers la <span>DATA<\/span><\/h2>\n<p>Si la bonne donn\u00e9e est la clef \u00e0 la r\u00e9solution de toute \u00e9quation, la coh\u00e9rence et la compatibilit\u00e9 de l\u2019information restent ma\u00eetres mots. Nous misons sur une gestion ing\u00e9nieuse des donn\u00e9es pour rationaliser les projets de construction, en am\u00e9liorer la qualit\u00e9, r\u00e9duire les co\u00fbts et acc\u00e9l\u00e9rer le processus de construction. Oubliez les simples objets BIM, on parle de donn\u00e9es BIM au sens large.<\/p><\/div><\/div><\/div><\/div><\/div><\/div><\/div><\/div><\/div><\/div><\/div><\/div>\n\n<div id=\"pl-gb769-69dc7f755fd45\"  class=\"panel-layout\" ><div id=\"pg-gb769-69dc7f755fd45-0\"  class=\"panel-grid panel-has-style\" ><div class=\"page-section panel-row-style panel-row-style-for-gb769-69dc7f755fd45-0\" id=\"section-manifesto04\" ><div id=\"pgc-gb769-69dc7f755fd45-0-0\"  class=\"panel-grid-cell\" ><div id=\"panel-gb769-69dc7f755fd45-0-0-0\" class=\"so-panel widget widget_siteorigin-panels-builder panel-first-child panel-last-child\" data-index=\"0\" ><div id=\"pl-w5efb41772e811\"  class=\"panel-layout\" ><div id=\"pg-w5efb41772e811-0\"  class=\"panel-grid panel-has-style\" ><div class=\"container panel-row-style panel-row-style-for-w5efb41772e811-0\" ><div id=\"pgc-w5efb41772e811-0-0\"  class=\"panel-grid-cell\" ><div id=\"panel-w5efb41772e811-0-0-0\" class=\"widget_text so-panel widget widget_custom_html panel-first-child panel-last-child\" data-index=\"0\" ><div class=\"textwidget custom-html-widget\"><h2><span>Activistes<\/span> de l&rsquo;open BIM<\/h2><\/div><\/div><\/div><\/div><\/div><div id=\"pg-w5efb41772e811-1\"  class=\"panel-grid panel-has-style\" ><div class=\"container panel-row-style panel-row-style-for-w5efb41772e811-1\" id=\"etienne-block\" ><div id=\"pgc-w5efb41772e811-1-0\"  class=\"panel-grid-cell\" ><div id=\"panel-w5efb41772e811-1-0-0\" class=\"so-panel widget widget_media_image panel-first-child panel-last-child\" data-index=\"1\" ><img decoding=\"async\" width=\"160\" height=\"160\" src=\"https:\/\/www.bimandco.com\/bim\/wp-content\/uploads\/2020\/03\/etienne-mullie-300x300.png\" class=\"image wp-image-816  attachment-160x160 size-160x160\" alt=\"\" style=\"max-width: 100%; height: auto;\" srcset=\"https:\/\/www.bimandco.com\/bim\/wp-content\/uploads\/2020\/03\/etienne-mullie-300x300.png 300w, https:\/\/www.bimandco.com\/bim\/wp-content\/uploads\/2020\/03\/etienne-mullie-150x150.png 150w, https:\/\/www.bimandco.com\/bim\/wp-content\/uploads\/2020\/03\/etienne-mullie.png 480w\" sizes=\"(max-width: 160px) 100vw, 160px\" \/><\/div><\/div><div id=\"pgc-w5efb41772e811-1-1\"  class=\"panel-grid-cell\" ><div id=\"panel-w5efb41772e811-1-1-0\" class=\"widget_text so-panel widget widget_custom_html panel-first-child panel-last-child\" data-index=\"2\" ><div class=\"textwidget custom-html-widget\"><p>\u00ab\u00a0D\u00e8s l\u2019origine, notre parti-pris \u00e9tait de fournir des technologies ouvertes et collaboratives permettant \u00e0 tous les acteurs du BIM de mieux travailler ensemble.\u00a0\u00bb<\/p>\n<div><strong>Etienne Mullie<\/strong> &#8211; Fondateur de BIM&amp;CO<\/div><\/div><\/div><\/div><\/div><\/div><div id=\"pg-w5efb41772e811-2\"  class=\"panel-grid panel-has-style\" ><div class=\"container panel-row-style panel-row-style-for-w5efb41772e811-2\" id=\"bsdd-text\" ><div id=\"pgc-w5efb41772e811-2-0\"  class=\"panel-grid-cell\" ><div id=\"panel-w5efb41772e811-2-0-0\" class=\"so-panel widget widget_text panel-first-child panel-last-child\" data-index=\"3\" >\t\t\t<div class=\"textwidget\"><p>Membres du Building Smart Dictionnary (BSDD), nous soutenons le d\u00e9veloppement des  standards et de processus ouverts pour favoriser l&rsquo;interop\u00e9rabilit\u00e9 entre les m\u00e9tiers de la construction. Aux avant-postes de l\u2019\u00e9laboration des standards du BIM, nous simplifions leur adoption en int\u00e9grant les derni\u00e8res mises \u00e0 jour dans nos solutions.<\/p>\n<\/div>\n\t\t<\/div><\/div><\/div><\/div><div id=\"pg-w5efb41772e811-3\"  class=\"panel-grid panel-has-style\" ><div class=\"container panel-row-style panel-row-style-for-w5efb41772e811-3\" id=\"on-the-fly\" ><div id=\"pgc-w5efb41772e811-3-0\"  class=\"panel-grid-cell panel-grid-cell-empty\" ><\/div><div id=\"pgc-w5efb41772e811-3-1\"  class=\"panel-grid-cell\" ><div id=\"panel-w5efb41772e811-3-1-0\" class=\"so-panel widget widget_text panel-first-child\" data-index=\"4\" ><h2 class=\"widget-title\">On the fly<\/h2>\t\t\t<div class=\"textwidget\"><\/div>\n\t\t<\/div><div id=\"panel-w5efb41772e811-3-1-1\" class=\"so-panel widget widget_text panel-last-child\" data-index=\"5\" >\t\t\t<div class=\"textwidget\"><p>Nos outils permettent le partage de donn\u00e9es \u00e0 la vol\u00e9e depuis une source unique d\u2019information. En un clic, proc\u00e9dez \u00e0 des mises \u00e0 jour de donn\u00e9es sans logiciel BIM d\u00e9di\u00e9. Qu\u2019il s\u2019agisse d\u2019une information, de m\u00e9ta-donn\u00e9es ou de mod\u00e8les, gagnez du temps sur les conversions 3D, les traductions et les mises \u00e0 jour de donn\u00e9es.<\/p>\n<\/div>\n\t\t<\/div><\/div><\/div><\/div><\/div><\/div><\/div><\/div><\/div><\/div>\n\n<div id=\"pl-gb769-69dc7f75613e8\"  class=\"panel-layout\" ><div id=\"pg-gb769-69dc7f75613e8-0\"  class=\"panel-grid panel-has-style\" ><div class=\"page-section panel-row-style panel-row-style-for-gb769-69dc7f75613e8-0\" id=\"section-manifesto05\" ><div id=\"pgc-gb769-69dc7f75613e8-0-0\"  class=\"panel-grid-cell\" ><div id=\"panel-gb769-69dc7f75613e8-0-0-0\" class=\"so-panel widget widget_siteorigin-panels-builder panel-first-child panel-last-child\" data-index=\"0\" ><div class=\"container panel-widget-style panel-widget-style-for-gb769-69dc7f75613e8-0-0-0\" ><div id=\"pl-w5ef0487c1bf60\"  class=\"panel-layout\" ><div id=\"pg-w5ef0487c1bf60-0\"  class=\"panel-grid panel-no-style\" ><div id=\"pgc-w5ef0487c1bf60-0-0\"  class=\"panel-grid-cell\" ><div id=\"panel-w5ef0487c1bf60-0-0-0\" class=\"widget_text so-panel widget widget_custom_html panel-first-child panel-last-child\" data-index=\"0\" ><div class=\"textwidget custom-html-widget\"><h2>Une <span>communaut\u00e9<\/span> de b\u00e2tisseurs<\/h2>\n<p>La communaut\u00e9 BIM&amp;CO connecte le savoir et l\u2019exp\u00e9rience d\u2019entreprises de la construction, de fabricants, d\u2019\u00e9diteurs de logiciels ou bien encore d\u2019organismes de standardisation au sein d\u2019un r\u00e9seau de passionn\u00e9s partageant tous une vision collective de l\u2019\u00e9volution des proc\u00e9d\u00e9s de construction.<\/p><\/div><\/div><\/div><div id=\"pgc-w5ef0487c1bf60-0-1\"  class=\"panel-grid-cell\" ><div id=\"panel-w5ef0487c1bf60-0-1-0\" class=\"so-panel widget widget_media_image panel-first-child panel-last-child\" data-index=\"1\" ><div class=\"rellax1 panel-widget-style panel-widget-style-for-w5ef0487c1bf60-0-1-0\" ><img loading=\"lazy\" decoding=\"async\" width=\"640\" height=\"413\" src=\"https:\/\/www.bimandco.com\/bim\/wp-content\/uploads\/2020\/06\/community-768x496-1.jpg\" class=\"image wp-image-4247  attachment-640x413 size-640x413\" alt=\"\" style=\"max-width: 100%; height: auto;\" srcset=\"https:\/\/www.bimandco.com\/bim\/wp-content\/uploads\/2020\/06\/community-768x496-1.jpg 768w, https:\/\/www.bimandco.com\/bim\/wp-content\/uploads\/2020\/06\/community-768x496-1-300x194.jpg 300w, https:\/\/www.bimandco.com\/bim\/wp-content\/uploads\/2020\/06\/community-768x496-1-150x97.jpg 150w\" sizes=\"(max-width: 640px) 100vw, 640px\" \/><\/div><\/div><\/div><\/div><\/div><\/div><\/div><\/div><\/div><\/div><\/div>\n\n<div id=\"pl-gb769-69dc7f756218f\"  class=\"panel-layout\" ><div id=\"pg-gb769-69dc7f756218f-0\"  class=\"panel-grid panel-has-style\" ><div class=\"page-section panel-row-style panel-row-style-for-gb769-69dc7f756218f-0\" id=\"section-manifesto06\" ><div id=\"pgc-gb769-69dc7f756218f-0-0\"  class=\"panel-grid-cell\" ><div id=\"panel-gb769-69dc7f756218f-0-0-0\" class=\"so-panel widget widget_siteorigin-panels-builder panel-first-child panel-last-child\" data-index=\"0\" ><div class=\"container panel-widget-style panel-widget-style-for-gb769-69dc7f756218f-0-0-0\" ><div id=\"pl-w5ea6898ba5ac6\"  class=\"panel-layout\" ><div id=\"pg-w5ea6898ba5ac6-0\"  class=\"panel-grid panel-no-style\" ><div id=\"pgc-w5ea6898ba5ac6-0-0\"  class=\"panel-grid-cell\" ><div id=\"panel-w5ea6898ba5ac6-0-0-0\" class=\"so-panel widget widget_media_image panel-first-child panel-last-child\" data-index=\"0\" ><div class=\"rellax1 panel-widget-style panel-widget-style-for-w5ea6898ba5ac6-0-0-0\" ><img loading=\"lazy\" decoding=\"async\" width=\"640\" height=\"413\" src=\"https:\/\/www.bimandco.com\/bim\/wp-content\/uploads\/2020\/03\/future-proof-buildings-1024x661.jpg\" class=\"image wp-image-794  attachment-large size-large\" alt=\"\" style=\"max-width: 100%; height: auto;\" srcset=\"https:\/\/www.bimandco.com\/bim\/wp-content\/uploads\/2020\/03\/future-proof-buildings-1024x661.jpg 1024w, https:\/\/www.bimandco.com\/bim\/wp-content\/uploads\/2020\/03\/future-proof-buildings-300x194.jpg 300w, https:\/\/www.bimandco.com\/bim\/wp-content\/uploads\/2020\/03\/future-proof-buildings-150x97.jpg 150w, https:\/\/www.bimandco.com\/bim\/wp-content\/uploads\/2020\/03\/future-proof-buildings-768x496.jpg 768w, https:\/\/www.bimandco.com\/bim\/wp-content\/uploads\/2020\/03\/future-proof-buildings-1536x992.jpg 1536w, https:\/\/www.bimandco.com\/bim\/wp-content\/uploads\/2020\/03\/future-proof-buildings.jpg 1827w\" sizes=\"(max-width: 640px) 100vw, 640px\" \/><\/div><\/div><\/div><div id=\"pgc-w5ea6898ba5ac6-0-1\"  class=\"panel-grid-cell\" ><div id=\"panel-w5ea6898ba5ac6-0-1-0\" class=\"widget_text so-panel widget widget_custom_html panel-first-child panel-last-child\" data-index=\"1\" ><div class=\"textwidget custom-html-widget\"><h2>\u00c0 <span>l&rsquo;\u00e9preuve<\/span> du temps<\/h2>\n<p>Les achats de mati\u00e8res premi\u00e8res sont trop approximativement estim\u00e9s et g\u00e9n\u00e8rent d\u2019importants surco\u00fbts et d\u00e9chets industriels. En diffusant des donn\u00e9es pr\u00e9cises aux logiciels de calculs, nous aidons le monde de la construction \u00e0 se rapprocher de ses besoins, \u00e0 viser toujours plus juste \u00e0 chaque projet.<\/p><\/div><\/div><\/div><\/div><\/div><\/div><\/div><\/div><\/div><\/div><\/div>\n\n<div id=\"pl-gb769-69dc7f7562ea3\"  class=\"panel-layout\" ><div id=\"pg-gb769-69dc7f7562ea3-0\"  class=\"panel-grid panel-has-style\" ><div class=\"page-section panel-row-style panel-row-style-for-gb769-69dc7f7562ea3-0\" id=\"section-manifesto07\" ><div id=\"pgc-gb769-69dc7f7562ea3-0-0\"  class=\"panel-grid-cell\" ><div id=\"panel-gb769-69dc7f7562ea3-0-0-0\" class=\"widget_text so-panel widget widget_custom_html panel-first-child panel-last-child\" data-index=\"0\" ><div class=\"textwidget custom-html-widget\"><a href=\"\/bim\/fr\/solutions-aec-construction-onfly-bim-content-management-system\/\" class=\"btn btn-blue-medium\">D\u00e9couvrez notre solution de BIM Family Browser Onfly<\/a><\/div><\/div><\/div><\/div><\/div><\/div>","protected":false},"excerpt":{"rendered":"","protected":false},"author":2,"featured_media":0,"parent":0,"menu_order":0,"comment_status":"closed","ping_status":"closed","template":"","meta":{"_acf_changed":false,"content-type":"","footnotes":""},"class_list":["post-769","page","type-page","status-publish","hentry"],"acf":[],"yoast_head":"<!-- This site is optimized with the Yoast SEO plugin v26.0 - https:\/\/yoast.com\/wordpress\/plugins\/seo\/ -->\n<title>Notre mission - BIM&amp;CO<\/title>\n<meta name=\"robots\" content=\"index, follow, max-snippet:-1, max-image-preview:large, max-video-preview:-1\" \/>\n<link rel=\"canonical\" href=\"https:\/\/www.bimandco.com\/bim\/fr\/notre-mission\/\" \/>\n<meta property=\"og:locale\" content=\"fr_FR\" \/>\n<meta property=\"og:type\" content=\"article\" \/>\n<meta property=\"og:title\" content=\"Notre mission - BIM&amp;CO\" \/>\n<meta property=\"og:url\" content=\"https:\/\/www.bimandco.com\/bim\/fr\/notre-mission\/\" \/>\n<meta property=\"og:site_name\" content=\"BIM&amp;CO\" \/>\n<meta property=\"article:modified_time\" content=\"2023-08-28T14:56:22+00:00\" \/>\n<meta name=\"twitter:card\" content=\"summary_large_image\" \/>\n<script type=\"application\/ld+json\" class=\"yoast-schema-graph\">{\"@context\":\"https:\/\/schema.org\",\"@graph\":[{\"@type\":\"WebPage\",\"@id\":\"https:\/\/www.bimandco.com\/bim\/fr\/notre-mission\/\",\"url\":\"https:\/\/www.bimandco.com\/bim\/fr\/notre-mission\/\",\"name\":\"Notre mission - BIM&amp;CO\",\"isPartOf\":{\"@id\":\"https:\/\/www.bimandco.com\/bim\/#website\"},\"datePublished\":\"2020-03-25T13:50:57+00:00\",\"dateModified\":\"2023-08-28T14:56:22+00:00\",\"breadcrumb\":{\"@id\":\"https:\/\/www.bimandco.com\/bim\/fr\/notre-mission\/#breadcrumb\"},\"inLanguage\":\"fr-FR\",\"potentialAction\":[{\"@type\":\"ReadAction\",\"target\":[\"https:\/\/www.bimandco.com\/bim\/fr\/notre-mission\/\"]}]},{\"@type\":\"BreadcrumbList\",\"@id\":\"https:\/\/www.bimandco.com\/bim\/fr\/notre-mission\/#breadcrumb\",\"itemListElement\":[{\"@type\":\"ListItem\",\"position\":1,\"name\":\"Accueil\",\"item\":\"https:\/\/www.bimandco.com\/bim\/fr\/\"},{\"@type\":\"ListItem\",\"position\":2,\"name\":\"Notre mission\"}]},{\"@type\":\"WebSite\",\"@id\":\"https:\/\/www.bimandco.com\/bim\/#website\",\"url\":\"https:\/\/www.bimandco.com\/bim\/\",\"name\":\"BIM&amp;CO\",\"description\":\"\",\"publisher\":{\"@id\":\"https:\/\/www.bimandco.com\/bim\/#organization\"},\"potentialAction\":[{\"@type\":\"SearchAction\",\"target\":{\"@type\":\"EntryPoint\",\"urlTemplate\":\"https:\/\/www.bimandco.com\/bim\/?s={search_term_string}\"},\"query-input\":{\"@type\":\"PropertyValueSpecification\",\"valueRequired\":true,\"valueName\":\"search_term_string\"}}],\"inLanguage\":\"fr-FR\"},{\"@type\":\"Organization\",\"@id\":\"https:\/\/www.bimandco.com\/bim\/#organization\",\"name\":\"BIM&amp;CO\",\"url\":\"https:\/\/www.bimandco.com\/bim\/\",\"logo\":{\"@type\":\"ImageObject\",\"inLanguage\":\"fr-FR\",\"@id\":\"https:\/\/www.bimandco.com\/bim\/#\/schema\/logo\/image\/\",\"url\":\"https:\/\/www.bimandco.com\/bim\/wp-content\/uploads\/2023\/03\/logo-bimandco-1.svg\",\"contentUrl\":\"https:\/\/www.bimandco.com\/bim\/wp-content\/uploads\/2023\/03\/logo-bimandco-1.svg\",\"width\":102,\"height\":50,\"caption\":\"BIM&amp;CO\"},\"image\":{\"@id\":\"https:\/\/www.bimandco.com\/bim\/#\/schema\/logo\/image\/\"}}]}<\/script>\n<!-- \/ Yoast SEO plugin. -->","yoast_head_json":{"title":"Notre mission - BIM&amp;CO","robots":{"index":"index","follow":"follow","max-snippet":"max-snippet:-1","max-image-preview":"max-image-preview:large","max-video-preview":"max-video-preview:-1"},"canonical":"https:\/\/www.bimandco.com\/bim\/fr\/notre-mission\/","og_locale":"fr_FR","og_type":"article","og_title":"Notre mission - BIM&amp;CO","og_url":"https:\/\/www.bimandco.com\/bim\/fr\/notre-mission\/","og_site_name":"BIM&amp;CO","article_modified_time":"2023-08-28T14:56:22+00:00","twitter_card":"summary_large_image","schema":{"@context":"https:\/\/schema.org","@graph":[{"@type":"WebPage","@id":"https:\/\/www.bimandco.com\/bim\/fr\/notre-mission\/","url":"https:\/\/www.bimandco.com\/bim\/fr\/notre-mission\/","name":"Notre mission - BIM&amp;CO","isPartOf":{"@id":"https:\/\/www.bimandco.com\/bim\/#website"},"datePublished":"2020-03-25T13:50:57+00:00","dateModified":"2023-08-28T14:56:22+00:00","breadcrumb":{"@id":"https:\/\/www.bimandco.com\/bim\/fr\/notre-mission\/#breadcrumb"},"inLanguage":"fr-FR","potentialAction":[{"@type":"ReadAction","target":["https:\/\/www.bimandco.com\/bim\/fr\/notre-mission\/"]}]},{"@type":"BreadcrumbList","@id":"https:\/\/www.bimandco.com\/bim\/fr\/notre-mission\/#breadcrumb","itemListElement":[{"@type":"ListItem","position":1,"name":"Accueil","item":"https:\/\/www.bimandco.com\/bim\/fr\/"},{"@type":"ListItem","position":2,"name":"Notre mission"}]},{"@type":"WebSite","@id":"https:\/\/www.bimandco.com\/bim\/#website","url":"https:\/\/www.bimandco.com\/bim\/","name":"BIM&amp;CO","description":"","publisher":{"@id":"https:\/\/www.bimandco.com\/bim\/#organization"},"potentialAction":[{"@type":"SearchAction","target":{"@type":"EntryPoint","urlTemplate":"https:\/\/www.bimandco.com\/bim\/?s={search_term_string}"},"query-input":{"@type":"PropertyValueSpecification","valueRequired":true,"valueName":"search_term_string"}}],"inLanguage":"fr-FR"},{"@type":"Organization","@id":"https:\/\/www.bimandco.com\/bim\/#organization","name":"BIM&amp;CO","url":"https:\/\/www.bimandco.com\/bim\/","logo":{"@type":"ImageObject","inLanguage":"fr-FR","@id":"https:\/\/www.bimandco.com\/bim\/#\/schema\/logo\/image\/","url":"https:\/\/www.bimandco.com\/bim\/wp-content\/uploads\/2023\/03\/logo-bimandco-1.svg","contentUrl":"https:\/\/www.bimandco.com\/bim\/wp-content\/uploads\/2023\/03\/logo-bimandco-1.svg","width":102,"height":50,"caption":"BIM&amp;CO"},"image":{"@id":"https:\/\/www.bimandco.com\/bim\/#\/schema\/logo\/image\/"}}]}},"_links":{"self":[{"href":"https:\/\/www.bimandco.com\/bim\/wp-json\/wp\/v2\/pages\/769","targetHints":{"allow":["GET"]}}],"collection":[{"href":"https:\/\/www.bimandco.com\/bim\/wp-json\/wp\/v2\/pages"}],"about":[{"href":"https:\/\/www.bimandco.com\/bim\/wp-json\/wp\/v2\/types\/page"}],"author":[{"embeddable":true,"href":"https:\/\/www.bimandco.com\/bim\/wp-json\/wp\/v2\/users\/2"}],"replies":[{"embeddable":true,"href":"https:\/\/www.bimandco.com\/bim\/wp-json\/wp\/v2\/comments?post=769"}],"version-history":[{"count":70,"href":"https:\/\/www.bimandco.com\/bim\/wp-json\/wp\/v2\/pages\/769\/revisions"}],"predecessor-version":[{"id":38401,"href":"https:\/\/www.bimandco.com\/bim\/wp-json\/wp\/v2\/pages\/769\/revisions\/38401"}],"wp:attachment":[{"href":"https:\/\/www.bimandco.com\/bim\/wp-json\/wp\/v2\/media?parent=769"}],"curies":[{"name":"wp","href":"https:\/\/api.w.org\/{rel}","templated":true}]}}