{"id":3908,"date":"2020-06-08T17:04:21","date_gmt":"2020-06-08T15:04:21","guid":{"rendered":"https:\/\/www.bimandco.com\/bim\/?page_id=3908"},"modified":"2023-05-26T15:39:26","modified_gmt":"2023-05-26T13:39:26","slug":"voltamos-a-ligar-lhe","status":"publish","type":"page","link":"https:\/\/www.bimandco.com\/bim\/pt\/voltamos-a-ligar-lhe\/","title":{"rendered":"Voltamos a ligar-lhe"},"content":{"rendered":"<div id=\"pl-gb3908-69dc7f755d622\"  class=\"panel-layout\" ><div id=\"pg-gb3908-69dc7f755d622-0\"  class=\"panel-grid panel-has-style\" ><div class=\"page-section container panel-row-style panel-row-style-for-gb3908-69dc7f755d622-0\" id=\"section-contact01\" ><div id=\"pgc-gb3908-69dc7f755d622-0-0\"  class=\"panel-grid-cell\" ><div id=\"panel-gb3908-69dc7f755d622-0-0-0\" class=\"so-panel widget widget_media_image panel-first-child\" data-index=\"0\" ><div class=\"no-visuel-mobile panel-widget-style panel-widget-style-for-gb3908-69dc7f755d622-0-0-0\" ><img fetchpriority=\"high\" decoding=\"async\" width=\"1500\" height=\"654\" src=\"https:\/\/www.bimandco.com\/bim\/wp-content\/uploads\/2020\/06\/callback-2560x1117-7-1536x670.jpg\" class=\"image wp-image-3985  attachment-1500x654 size-1500x654\" alt=\"\" style=\"max-width: 100%; height: auto;\" srcset=\"https:\/\/www.bimandco.com\/bim\/wp-content\/uploads\/2020\/06\/callback-2560x1117-7-1536x670.jpg 1536w, https:\/\/www.bimandco.com\/bim\/wp-content\/uploads\/2020\/06\/callback-2560x1117-7-300x131.jpg 300w, https:\/\/www.bimandco.com\/bim\/wp-content\/uploads\/2020\/06\/callback-2560x1117-7-1024x447.jpg 1024w, https:\/\/www.bimandco.com\/bim\/wp-content\/uploads\/2020\/06\/callback-2560x1117-7-150x65.jpg 150w, https:\/\/www.bimandco.com\/bim\/wp-content\/uploads\/2020\/06\/callback-2560x1117-7-768x335.jpg 768w, https:\/\/www.bimandco.com\/bim\/wp-content\/uploads\/2020\/06\/callback-2560x1117-7-2048x894.jpg 2048w\" sizes=\"(max-width: 1500px) 100vw, 1500px\" \/><\/div><\/div><div id=\"panel-gb3908-69dc7f755d622-0-0-1\" class=\"so-panel widget widget_media_image\" data-index=\"1\" ><div class=\"visuel-mobile panel-widget-style panel-widget-style-for-gb3908-69dc7f755d622-0-0-1\" ><img decoding=\"async\" width=\"640\" height=\"746\" src=\"https:\/\/www.bimandco.com\/bim\/wp-content\/uploads\/2020\/06\/callback-878x1024-7-768x896.jpg\" class=\"image wp-image-3984  attachment-640x746 size-640x746\" alt=\"\" style=\"max-width: 100%; height: auto;\" srcset=\"https:\/\/www.bimandco.com\/bim\/wp-content\/uploads\/2020\/06\/callback-878x1024-7-768x896.jpg 768w, https:\/\/www.bimandco.com\/bim\/wp-content\/uploads\/2020\/06\/callback-878x1024-7-257x300.jpg 257w, https:\/\/www.bimandco.com\/bim\/wp-content\/uploads\/2020\/06\/callback-878x1024-7-129x150.jpg 129w, https:\/\/www.bimandco.com\/bim\/wp-content\/uploads\/2020\/06\/callback-878x1024-7.jpg 878w\" sizes=\"(max-width: 640px) 100vw, 640px\" \/><\/div><\/div><div id=\"panel-gb3908-69dc7f755d622-0-0-2\" class=\"widget_text so-panel widget widget_custom_html panel-last-child\" data-index=\"2\" ><div class=\"widget_text description panel-widget-style panel-widget-style-for-gb3908-69dc7f755d622-0-0-2\" ><div class=\"textwidget custom-html-widget\"><h1><span>Voltamos a ligar-lhe<\/span><\/h1>\n<p>Diga-nos o dia e a hora que lhe conv\u00e9m, as equipas BIM&amp;CO voltar\u00e3o a contact\u00e1-lo para lhe apresentar com mais detalhe a solu\u00e7\u00e3o que lhe interessa!<\/p><p>\n<\/p><div class=\"wpcf7\" style=\"margin: 0 auto; width: 800px;\">\n\t\n\t<script charset=\"utf-8\" type=\"text\/javascript\" src=\"\/\/js.hsforms.net\/forms\/embed\/v2.js\"><\/script>\n<script>\n  hbspt.forms.create({\n    region: \"na1\",\n    portalId: \"8031243\",\n    formId: \"aed4137a-cb5a-459d-9c09-21dd05edaab5\"\n  });\n\t<\/script><\/div><\/div><\/div><\/div><\/div><\/div><\/div><\/div>","protected":false},"excerpt":{"rendered":"","protected":false},"author":2,"featured_media":0,"parent":0,"menu_order":0,"comment_status":"closed","ping_status":"closed","template":"","meta":{"_acf_changed":false,"content-type":"","footnotes":""},"class_list":["post-3908","page","type-page","status-publish","hentry"],"acf":[],"yoast_head":"<!-- This site is optimized with the Yoast SEO plugin v26.0 - https:\/\/yoast.com\/wordpress\/plugins\/seo\/ -->\n<title>Voltamos a ligar-lhe - BIM&amp;CO<\/title>\n<meta name=\"description\" content=\"Diga-nos o dia e a hora que lhe conv\u00e9m, as equipas BIM&amp;CO voltar\u00e3o a contact\u00e1-lo para lhe apresentar com mais detalhe a solu\u00e7\u00e3o que lhe interessa!\" \/>\n<meta name=\"robots\" content=\"index, follow, max-snippet:-1, max-image-preview:large, max-video-preview:-1\" \/>\n<link rel=\"canonical\" href=\"https:\/\/www.bimandco.com\/bim\/pt\/voltamos-a-ligar-lhe\/\" \/>\n<meta property=\"og:locale\" content=\"fr_FR\" \/>\n<meta property=\"og:type\" content=\"article\" \/>\n<meta property=\"og:title\" content=\"Voltamos a ligar-lhe - BIM&amp;CO\" \/>\n<meta property=\"og:description\" content=\"Diga-nos o dia e a hora que lhe conv\u00e9m, as equipas BIM&amp;CO voltar\u00e3o a contact\u00e1-lo para lhe apresentar com mais detalhe a solu\u00e7\u00e3o que lhe interessa!\" \/>\n<meta property=\"og:url\" content=\"https:\/\/www.bimandco.com\/bim\/pt\/voltamos-a-ligar-lhe\/\" \/>\n<meta property=\"og:site_name\" content=\"BIM&amp;CO\" \/>\n<meta property=\"article:modified_time\" content=\"2023-05-26T13:39:26+00:00\" \/>\n<meta property=\"og:image\" content=\"https:\/\/www.bimandco.com\/bim\/wp-content\/uploads\/2020\/06\/callback-2560x1117-7-1536x670.jpg\" \/>\n<meta name=\"twitter:card\" content=\"summary_large_image\" \/>\n<script type=\"application\/ld+json\" class=\"yoast-schema-graph\">{\"@context\":\"https:\/\/schema.org\",\"@graph\":[{\"@type\":\"WebPage\",\"@id\":\"https:\/\/www.bimandco.com\/bim\/pt\/voltamos-a-ligar-lhe\/\",\"url\":\"https:\/\/www.bimandco.com\/bim\/pt\/voltamos-a-ligar-lhe\/\",\"name\":\"Voltamos a ligar-lhe - BIM&amp;CO\",\"isPartOf\":{\"@id\":\"https:\/\/www.bimandco.com\/bim\/#website\"},\"primaryImageOfPage\":{\"@id\":\"https:\/\/www.bimandco.com\/bim\/pt\/voltamos-a-ligar-lhe\/#primaryimage\"},\"image\":{\"@id\":\"https:\/\/www.bimandco.com\/bim\/pt\/voltamos-a-ligar-lhe\/#primaryimage\"},\"thumbnailUrl\":\"https:\/\/www.bimandco.com\/bim\/wp-content\/uploads\/2020\/06\/callback-2560x1117-7-1536x670.jpg\",\"datePublished\":\"2020-06-08T15:04:21+00:00\",\"dateModified\":\"2023-05-26T13:39:26+00:00\",\"description\":\"Diga-nos o dia e a hora que lhe conv\u00e9m, as equipas BIM&CO voltar\u00e3o a contact\u00e1-lo para lhe apresentar com mais detalhe a solu\u00e7\u00e3o que lhe interessa!\",\"breadcrumb\":{\"@id\":\"https:\/\/www.bimandco.com\/bim\/pt\/voltamos-a-ligar-lhe\/#breadcrumb\"},\"inLanguage\":\"fr-FR\",\"potentialAction\":[{\"@type\":\"ReadAction\",\"target\":[\"https:\/\/www.bimandco.com\/bim\/pt\/voltamos-a-ligar-lhe\/\"]}]},{\"@type\":\"ImageObject\",\"inLanguage\":\"fr-FR\",\"@id\":\"https:\/\/www.bimandco.com\/bim\/pt\/voltamos-a-ligar-lhe\/#primaryimage\",\"url\":\"https:\/\/www.bimandco.com\/bim\/wp-content\/uploads\/2020\/06\/callback-2560x1117-7.jpg\",\"contentUrl\":\"https:\/\/www.bimandco.com\/bim\/wp-content\/uploads\/2020\/06\/callback-2560x1117-7.jpg\",\"width\":2560,\"height\":1117},{\"@type\":\"BreadcrumbList\",\"@id\":\"https:\/\/www.bimandco.com\/bim\/pt\/voltamos-a-ligar-lhe\/#breadcrumb\",\"itemListElement\":[{\"@type\":\"ListItem\",\"position\":1,\"name\":\"Accueil\",\"item\":\"https:\/\/www.bimandco.com\/bim\/fr\/\"},{\"@type\":\"ListItem\",\"position\":2,\"name\":\"Voltamos a ligar-lhe\"}]},{\"@type\":\"WebSite\",\"@id\":\"https:\/\/www.bimandco.com\/bim\/#website\",\"url\":\"https:\/\/www.bimandco.com\/bim\/\",\"name\":\"BIM&amp;CO\",\"description\":\"\",\"publisher\":{\"@id\":\"https:\/\/www.bimandco.com\/bim\/#organization\"},\"potentialAction\":[{\"@type\":\"SearchAction\",\"target\":{\"@type\":\"EntryPoint\",\"urlTemplate\":\"https:\/\/www.bimandco.com\/bim\/?s={search_term_string}\"},\"query-input\":{\"@type\":\"PropertyValueSpecification\",\"valueRequired\":true,\"valueName\":\"search_term_string\"}}],\"inLanguage\":\"fr-FR\"},{\"@type\":\"Organization\",\"@id\":\"https:\/\/www.bimandco.com\/bim\/#organization\",\"name\":\"BIM&amp;CO\",\"url\":\"https:\/\/www.bimandco.com\/bim\/\",\"logo\":{\"@type\":\"ImageObject\",\"inLanguage\":\"fr-FR\",\"@id\":\"https:\/\/www.bimandco.com\/bim\/#\/schema\/logo\/image\/\",\"url\":\"https:\/\/www.bimandco.com\/bim\/wp-content\/uploads\/2023\/03\/logo-bimandco-1.svg\",\"contentUrl\":\"https:\/\/www.bimandco.com\/bim\/wp-content\/uploads\/2023\/03\/logo-bimandco-1.svg\",\"width\":102,\"height\":50,\"caption\":\"BIM&amp;CO\"},\"image\":{\"@id\":\"https:\/\/www.bimandco.com\/bim\/#\/schema\/logo\/image\/\"}}]}<\/script>\n<!-- \/ Yoast SEO plugin. -->","yoast_head_json":{"title":"Voltamos a ligar-lhe - BIM&amp;CO","description":"Diga-nos o dia e a hora que lhe conv\u00e9m, as equipas BIM&CO voltar\u00e3o a contact\u00e1-lo para lhe apresentar com mais detalhe a solu\u00e7\u00e3o que lhe interessa!","robots":{"index":"index","follow":"follow","max-snippet":"max-snippet:-1","max-image-preview":"max-image-preview:large","max-video-preview":"max-video-preview:-1"},"canonical":"https:\/\/www.bimandco.com\/bim\/pt\/voltamos-a-ligar-lhe\/","og_locale":"fr_FR","og_type":"article","og_title":"Voltamos a ligar-lhe - BIM&amp;CO","og_description":"Diga-nos o dia e a hora que lhe conv\u00e9m, as equipas BIM&CO voltar\u00e3o a contact\u00e1-lo para lhe apresentar com mais detalhe a solu\u00e7\u00e3o que lhe interessa!","og_url":"https:\/\/www.bimandco.com\/bim\/pt\/voltamos-a-ligar-lhe\/","og_site_name":"BIM&amp;CO","article_modified_time":"2023-05-26T13:39:26+00:00","og_image":[{"url":"https:\/\/www.bimandco.com\/bim\/wp-content\/uploads\/2020\/06\/callback-2560x1117-7-1536x670.jpg","type":"","width":"","height":""}],"twitter_card":"summary_large_image","schema":{"@context":"https:\/\/schema.org","@graph":[{"@type":"WebPage","@id":"https:\/\/www.bimandco.com\/bim\/pt\/voltamos-a-ligar-lhe\/","url":"https:\/\/www.bimandco.com\/bim\/pt\/voltamos-a-ligar-lhe\/","name":"Voltamos a ligar-lhe - BIM&amp;CO","isPartOf":{"@id":"https:\/\/www.bimandco.com\/bim\/#website"},"primaryImageOfPage":{"@id":"https:\/\/www.bimandco.com\/bim\/pt\/voltamos-a-ligar-lhe\/#primaryimage"},"image":{"@id":"https:\/\/www.bimandco.com\/bim\/pt\/voltamos-a-ligar-lhe\/#primaryimage"},"thumbnailUrl":"https:\/\/www.bimandco.com\/bim\/wp-content\/uploads\/2020\/06\/callback-2560x1117-7-1536x670.jpg","datePublished":"2020-06-08T15:04:21+00:00","dateModified":"2023-05-26T13:39:26+00:00","description":"Diga-nos o dia e a hora que lhe conv\u00e9m, as equipas BIM&CO voltar\u00e3o a contact\u00e1-lo para lhe apresentar com mais detalhe a solu\u00e7\u00e3o que lhe interessa!","breadcrumb":{"@id":"https:\/\/www.bimandco.com\/bim\/pt\/voltamos-a-ligar-lhe\/#breadcrumb"},"inLanguage":"fr-FR","potentialAction":[{"@type":"ReadAction","target":["https:\/\/www.bimandco.com\/bim\/pt\/voltamos-a-ligar-lhe\/"]}]},{"@type":"ImageObject","inLanguage":"fr-FR","@id":"https:\/\/www.bimandco.com\/bim\/pt\/voltamos-a-ligar-lhe\/#primaryimage","url":"https:\/\/www.bimandco.com\/bim\/wp-content\/uploads\/2020\/06\/callback-2560x1117-7.jpg","contentUrl":"https:\/\/www.bimandco.com\/bim\/wp-content\/uploads\/2020\/06\/callback-2560x1117-7.jpg","width":2560,"height":1117},{"@type":"BreadcrumbList","@id":"https:\/\/www.bimandco.com\/bim\/pt\/voltamos-a-ligar-lhe\/#breadcrumb","itemListElement":[{"@type":"ListItem","position":1,"name":"Accueil","item":"https:\/\/www.bimandco.com\/bim\/fr\/"},{"@type":"ListItem","position":2,"name":"Voltamos a ligar-lhe"}]},{"@type":"WebSite","@id":"https:\/\/www.bimandco.com\/bim\/#website","url":"https:\/\/www.bimandco.com\/bim\/","name":"BIM&amp;CO","description":"","publisher":{"@id":"https:\/\/www.bimandco.com\/bim\/#organization"},"potentialAction":[{"@type":"SearchAction","target":{"@type":"EntryPoint","urlTemplate":"https:\/\/www.bimandco.com\/bim\/?s={search_term_string}"},"query-input":{"@type":"PropertyValueSpecification","valueRequired":true,"valueName":"search_term_string"}}],"inLanguage":"fr-FR"},{"@type":"Organization","@id":"https:\/\/www.bimandco.com\/bim\/#organization","name":"BIM&amp;CO","url":"https:\/\/www.bimandco.com\/bim\/","logo":{"@type":"ImageObject","inLanguage":"fr-FR","@id":"https:\/\/www.bimandco.com\/bim\/#\/schema\/logo\/image\/","url":"https:\/\/www.bimandco.com\/bim\/wp-content\/uploads\/2023\/03\/logo-bimandco-1.svg","contentUrl":"https:\/\/www.bimandco.com\/bim\/wp-content\/uploads\/2023\/03\/logo-bimandco-1.svg","width":102,"height":50,"caption":"BIM&amp;CO"},"image":{"@id":"https:\/\/www.bimandco.com\/bim\/#\/schema\/logo\/image\/"}}]}},"_links":{"self":[{"href":"https:\/\/www.bimandco.com\/bim\/wp-json\/wp\/v2\/pages\/3908","targetHints":{"allow":["GET"]}}],"collection":[{"href":"https:\/\/www.bimandco.com\/bim\/wp-json\/wp\/v2\/pages"}],"about":[{"href":"https:\/\/www.bimandco.com\/bim\/wp-json\/wp\/v2\/types\/page"}],"author":[{"embeddable":true,"href":"https:\/\/www.bimandco.com\/bim\/wp-json\/wp\/v2\/users\/2"}],"replies":[{"embeddable":true,"href":"https:\/\/www.bimandco.com\/bim\/wp-json\/wp\/v2\/comments?post=3908"}],"version-history":[{"count":5,"href":"https:\/\/www.bimandco.com\/bim\/wp-json\/wp\/v2\/pages\/3908\/revisions"}],"predecessor-version":[{"id":36808,"href":"https:\/\/www.bimandco.com\/bim\/wp-json\/wp\/v2\/pages\/3908\/revisions\/36808"}],"wp:attachment":[{"href":"https:\/\/www.bimandco.com\/bim\/wp-json\/wp\/v2\/media?parent=3908"}],"curies":[{"name":"wp","href":"https:\/\/api.w.org\/{rel}","templated":true}]}}