{"id":3886,"date":"2020-06-08T16:37:37","date_gmt":"2020-06-08T14:37:37","guid":{"rendered":"https:\/\/www.bimandco.com\/bim\/?page_id=3886"},"modified":"2025-07-01T12:12:26","modified_gmt":"2025-07-01T10:12:26","slug":"on-vous-rappelle","status":"publish","type":"page","link":"https:\/\/www.bimandco.com\/bim\/fr\/on-vous-rappelle\/","title":{"rendered":"On vous rappelle"},"content":{"rendered":"<div id=\"pl-gb3886-69d436789ad6e\"  class=\"panel-layout wp-block-siteorigin-panels-layout-block\" ><div id=\"pg-gb3886-69d436789ad6e-0\"  class=\"panel-grid panel-has-style\" ><div class=\"page-section container panel-row-style panel-row-style-for-gb3886-69d436789ad6e-0\" id=\"section-contact01\" ><div id=\"pgc-gb3886-69d436789ad6e-0-0\"  class=\"panel-grid-cell\" ><div id=\"panel-gb3886-69d436789ad6e-0-0-0\" class=\"so-panel widget widget_media_image panel-first-child\" data-index=\"0\" ><div class=\"no-visuel-mobile panel-widget-style panel-widget-style-for-gb3886-69d436789ad6e-0-0-0\" ><img fetchpriority=\"high\" decoding=\"async\" width=\"1500\" height=\"654\" src=\"https:\/\/www.bimandco.com\/bim\/wp-content\/uploads\/2020\/06\/callback-2560x1117-1-1536x670.jpg\" class=\"image wp-image-3937  attachment-1500x654 size-1500x654\" alt=\"\" style=\"max-width: 100%; height: auto;\" srcset=\"https:\/\/www.bimandco.com\/bim\/wp-content\/uploads\/2020\/06\/callback-2560x1117-1-1536x670.jpg 1536w, https:\/\/www.bimandco.com\/bim\/wp-content\/uploads\/2020\/06\/callback-2560x1117-1-300x131.jpg 300w, https:\/\/www.bimandco.com\/bim\/wp-content\/uploads\/2020\/06\/callback-2560x1117-1-1024x447.jpg 1024w, https:\/\/www.bimandco.com\/bim\/wp-content\/uploads\/2020\/06\/callback-2560x1117-1-150x65.jpg 150w, https:\/\/www.bimandco.com\/bim\/wp-content\/uploads\/2020\/06\/callback-2560x1117-1-768x335.jpg 768w, https:\/\/www.bimandco.com\/bim\/wp-content\/uploads\/2020\/06\/callback-2560x1117-1-2048x894.jpg 2048w\" sizes=\"(max-width: 1500px) 100vw, 1500px\" \/><\/div><\/div><div id=\"panel-gb3886-69d436789ad6e-0-0-1\" class=\"so-panel widget widget_media_image\" data-index=\"1\" ><div class=\"visuel-mobile panel-widget-style panel-widget-style-for-gb3886-69d436789ad6e-0-0-1\" ><img decoding=\"async\" width=\"640\" height=\"746\" src=\"https:\/\/www.bimandco.com\/bim\/wp-content\/uploads\/2020\/06\/callback-878x1024-1-768x896.jpg\" class=\"image wp-image-3936  attachment-640x746 size-640x746\" alt=\"\" style=\"max-width: 100%; height: auto;\" srcset=\"https:\/\/www.bimandco.com\/bim\/wp-content\/uploads\/2020\/06\/callback-878x1024-1-768x896.jpg 768w, https:\/\/www.bimandco.com\/bim\/wp-content\/uploads\/2020\/06\/callback-878x1024-1-257x300.jpg 257w, https:\/\/www.bimandco.com\/bim\/wp-content\/uploads\/2020\/06\/callback-878x1024-1-129x150.jpg 129w, https:\/\/www.bimandco.com\/bim\/wp-content\/uploads\/2020\/06\/callback-878x1024-1.jpg 878w\" sizes=\"(max-width: 640px) 100vw, 640px\" \/><\/div><\/div><div id=\"panel-gb3886-69d436789ad6e-0-0-2\" class=\"widget_text so-panel widget widget_custom_html panel-last-child\" data-index=\"2\" ><div class=\"widget_text description panel-widget-style panel-widget-style-for-gb3886-69d436789ad6e-0-0-2\" ><div class=\"textwidget custom-html-widget\"><script charset=\"utf-8\" type=\"text\/javascript\" src=\"\/\/js.hsforms.net\/forms\/embed\/v2.js\"><\/script>\n<script>\n  hbspt.forms.create({\n    region: \"na1\",\n    portalId: \"8031243\",\n    formId: \"efb980e7-7ad9-4d69-b402-82b8442dfc1c\"\n  });\n<\/script>\n<\/div><\/div><\/div><\/div><\/div><\/div><\/div>","protected":false},"excerpt":{"rendered":"","protected":false},"author":2,"featured_media":0,"parent":0,"menu_order":0,"comment_status":"closed","ping_status":"closed","template":"","meta":{"_acf_changed":false,"content-type":"","footnotes":""},"class_list":["post-3886","page","type-page","status-publish","hentry"],"acf":[],"yoast_head":"<!-- This site is optimized with the Yoast SEO plugin v26.0 - https:\/\/yoast.com\/wordpress\/plugins\/seo\/ -->\n<title>On vous rappelle - BIM&amp;CO<\/title>\n<meta name=\"description\" content=\"Dites-nous le jour et l&#039;heure qui vous conviennent, les \u00e9quipes de BIM&amp;CO vous recontacteront pour vous pr\u00e9senter plus en d\u00e9tail la solution qui vous int\u00e9resse !\" \/>\n<meta name=\"robots\" content=\"index, follow, max-snippet:-1, max-image-preview:large, max-video-preview:-1\" \/>\n<link rel=\"canonical\" href=\"https:\/\/www.bimandco.com\/bim\/fr\/on-vous-rappelle\/\" \/>\n<meta property=\"og:locale\" content=\"fr_FR\" \/>\n<meta property=\"og:type\" content=\"article\" \/>\n<meta property=\"og:title\" content=\"On vous rappelle - BIM&amp;CO\" \/>\n<meta property=\"og:description\" content=\"Dites-nous le jour et l&#039;heure qui vous conviennent, les \u00e9quipes de BIM&amp;CO vous recontacteront pour vous pr\u00e9senter plus en d\u00e9tail la solution qui vous int\u00e9resse !\" \/>\n<meta property=\"og:url\" content=\"https:\/\/www.bimandco.com\/bim\/fr\/on-vous-rappelle\/\" \/>\n<meta property=\"og:site_name\" content=\"BIM&amp;CO\" \/>\n<meta property=\"article:modified_time\" content=\"2025-07-01T10:12:26+00:00\" \/>\n<meta name=\"twitter:card\" content=\"summary_large_image\" \/>\n<meta name=\"twitter:label1\" content=\"Dur\u00e9e de lecture estim\u00e9e\" \/>\n\t<meta name=\"twitter:data1\" content=\"1 minute\" \/>\n<script type=\"application\/ld+json\" class=\"yoast-schema-graph\">{\"@context\":\"https:\/\/schema.org\",\"@graph\":[{\"@type\":\"WebPage\",\"@id\":\"https:\/\/www.bimandco.com\/bim\/fr\/on-vous-rappelle\/\",\"url\":\"https:\/\/www.bimandco.com\/bim\/fr\/on-vous-rappelle\/\",\"name\":\"On vous rappelle - BIM&amp;CO\",\"isPartOf\":{\"@id\":\"https:\/\/www.bimandco.com\/bim\/#website\"},\"datePublished\":\"2020-06-08T14:37:37+00:00\",\"dateModified\":\"2025-07-01T10:12:26+00:00\",\"description\":\"Dites-nous le jour et l'heure qui vous conviennent, les \u00e9quipes de BIM&CO vous recontacteront pour vous pr\u00e9senter plus en d\u00e9tail la solution qui vous int\u00e9resse !\",\"breadcrumb\":{\"@id\":\"https:\/\/www.bimandco.com\/bim\/fr\/on-vous-rappelle\/#breadcrumb\"},\"inLanguage\":\"fr-FR\",\"potentialAction\":[{\"@type\":\"ReadAction\",\"target\":[\"https:\/\/www.bimandco.com\/bim\/fr\/on-vous-rappelle\/\"]}]},{\"@type\":\"BreadcrumbList\",\"@id\":\"https:\/\/www.bimandco.com\/bim\/fr\/on-vous-rappelle\/#breadcrumb\",\"itemListElement\":[{\"@type\":\"ListItem\",\"position\":1,\"name\":\"Accueil\",\"item\":\"https:\/\/www.bimandco.com\/bim\/fr\/\"},{\"@type\":\"ListItem\",\"position\":2,\"name\":\"On vous rappelle\"}]},{\"@type\":\"WebSite\",\"@id\":\"https:\/\/www.bimandco.com\/bim\/#website\",\"url\":\"https:\/\/www.bimandco.com\/bim\/\",\"name\":\"BIM&amp;CO\",\"description\":\"\",\"publisher\":{\"@id\":\"https:\/\/www.bimandco.com\/bim\/#organization\"},\"potentialAction\":[{\"@type\":\"SearchAction\",\"target\":{\"@type\":\"EntryPoint\",\"urlTemplate\":\"https:\/\/www.bimandco.com\/bim\/?s={search_term_string}\"},\"query-input\":{\"@type\":\"PropertyValueSpecification\",\"valueRequired\":true,\"valueName\":\"search_term_string\"}}],\"inLanguage\":\"fr-FR\"},{\"@type\":\"Organization\",\"@id\":\"https:\/\/www.bimandco.com\/bim\/#organization\",\"name\":\"BIM&amp;CO\",\"url\":\"https:\/\/www.bimandco.com\/bim\/\",\"logo\":{\"@type\":\"ImageObject\",\"inLanguage\":\"fr-FR\",\"@id\":\"https:\/\/www.bimandco.com\/bim\/#\/schema\/logo\/image\/\",\"url\":\"https:\/\/www.bimandco.com\/bim\/wp-content\/uploads\/2023\/03\/logo-bimandco-1.svg\",\"contentUrl\":\"https:\/\/www.bimandco.com\/bim\/wp-content\/uploads\/2023\/03\/logo-bimandco-1.svg\",\"width\":102,\"height\":50,\"caption\":\"BIM&amp;CO\"},\"image\":{\"@id\":\"https:\/\/www.bimandco.com\/bim\/#\/schema\/logo\/image\/\"}}]}<\/script>\n<!-- \/ Yoast SEO plugin. -->","yoast_head_json":{"title":"On vous rappelle - BIM&amp;CO","description":"Dites-nous le jour et l'heure qui vous conviennent, les \u00e9quipes de BIM&CO vous recontacteront pour vous pr\u00e9senter plus en d\u00e9tail la solution qui vous int\u00e9resse !","robots":{"index":"index","follow":"follow","max-snippet":"max-snippet:-1","max-image-preview":"max-image-preview:large","max-video-preview":"max-video-preview:-1"},"canonical":"https:\/\/www.bimandco.com\/bim\/fr\/on-vous-rappelle\/","og_locale":"fr_FR","og_type":"article","og_title":"On vous rappelle - BIM&amp;CO","og_description":"Dites-nous le jour et l'heure qui vous conviennent, les \u00e9quipes de BIM&CO vous recontacteront pour vous pr\u00e9senter plus en d\u00e9tail la solution qui vous int\u00e9resse !","og_url":"https:\/\/www.bimandco.com\/bim\/fr\/on-vous-rappelle\/","og_site_name":"BIM&amp;CO","article_modified_time":"2025-07-01T10:12:26+00:00","twitter_card":"summary_large_image","twitter_misc":{"Dur\u00e9e de lecture estim\u00e9e":"1 minute"},"schema":{"@context":"https:\/\/schema.org","@graph":[{"@type":"WebPage","@id":"https:\/\/www.bimandco.com\/bim\/fr\/on-vous-rappelle\/","url":"https:\/\/www.bimandco.com\/bim\/fr\/on-vous-rappelle\/","name":"On vous rappelle - BIM&amp;CO","isPartOf":{"@id":"https:\/\/www.bimandco.com\/bim\/#website"},"datePublished":"2020-06-08T14:37:37+00:00","dateModified":"2025-07-01T10:12:26+00:00","description":"Dites-nous le jour et l'heure qui vous conviennent, les \u00e9quipes de BIM&CO vous recontacteront pour vous pr\u00e9senter plus en d\u00e9tail la solution qui vous int\u00e9resse !","breadcrumb":{"@id":"https:\/\/www.bimandco.com\/bim\/fr\/on-vous-rappelle\/#breadcrumb"},"inLanguage":"fr-FR","potentialAction":[{"@type":"ReadAction","target":["https:\/\/www.bimandco.com\/bim\/fr\/on-vous-rappelle\/"]}]},{"@type":"BreadcrumbList","@id":"https:\/\/www.bimandco.com\/bim\/fr\/on-vous-rappelle\/#breadcrumb","itemListElement":[{"@type":"ListItem","position":1,"name":"Accueil","item":"https:\/\/www.bimandco.com\/bim\/fr\/"},{"@type":"ListItem","position":2,"name":"On vous rappelle"}]},{"@type":"WebSite","@id":"https:\/\/www.bimandco.com\/bim\/#website","url":"https:\/\/www.bimandco.com\/bim\/","name":"BIM&amp;CO","description":"","publisher":{"@id":"https:\/\/www.bimandco.com\/bim\/#organization"},"potentialAction":[{"@type":"SearchAction","target":{"@type":"EntryPoint","urlTemplate":"https:\/\/www.bimandco.com\/bim\/?s={search_term_string}"},"query-input":{"@type":"PropertyValueSpecification","valueRequired":true,"valueName":"search_term_string"}}],"inLanguage":"fr-FR"},{"@type":"Organization","@id":"https:\/\/www.bimandco.com\/bim\/#organization","name":"BIM&amp;CO","url":"https:\/\/www.bimandco.com\/bim\/","logo":{"@type":"ImageObject","inLanguage":"fr-FR","@id":"https:\/\/www.bimandco.com\/bim\/#\/schema\/logo\/image\/","url":"https:\/\/www.bimandco.com\/bim\/wp-content\/uploads\/2023\/03\/logo-bimandco-1.svg","contentUrl":"https:\/\/www.bimandco.com\/bim\/wp-content\/uploads\/2023\/03\/logo-bimandco-1.svg","width":102,"height":50,"caption":"BIM&amp;CO"},"image":{"@id":"https:\/\/www.bimandco.com\/bim\/#\/schema\/logo\/image\/"}}]}},"_links":{"self":[{"href":"https:\/\/www.bimandco.com\/bim\/wp-json\/wp\/v2\/pages\/3886","targetHints":{"allow":["GET"]}}],"collection":[{"href":"https:\/\/www.bimandco.com\/bim\/wp-json\/wp\/v2\/pages"}],"about":[{"href":"https:\/\/www.bimandco.com\/bim\/wp-json\/wp\/v2\/types\/page"}],"author":[{"embeddable":true,"href":"https:\/\/www.bimandco.com\/bim\/wp-json\/wp\/v2\/users\/2"}],"replies":[{"embeddable":true,"href":"https:\/\/www.bimandco.com\/bim\/wp-json\/wp\/v2\/comments?post=3886"}],"version-history":[{"count":7,"href":"https:\/\/www.bimandco.com\/bim\/wp-json\/wp\/v2\/pages\/3886\/revisions"}],"predecessor-version":[{"id":50284,"href":"https:\/\/www.bimandco.com\/bim\/wp-json\/wp\/v2\/pages\/3886\/revisions\/50284"}],"wp:attachment":[{"href":"https:\/\/www.bimandco.com\/bim\/wp-json\/wp\/v2\/media?parent=3886"}],"curies":[{"name":"wp","href":"https:\/\/api.w.org\/{rel}","templated":true}]}}