{"id":3840,"date":"2020-06-05T08:09:09","date_gmt":"2020-06-05T06:09:09","guid":{"rendered":"https:\/\/www.bimandco.com\/bim\/?page_id=3840"},"modified":"2024-07-15T09:12:41","modified_gmt":"2024-07-15T07:12:41","slug":"contactez-nous","status":"publish","type":"page","link":"https:\/\/www.bimandco.com\/bim\/fr\/contactez-nous\/","title":{"rendered":"Contactez-nous"},"content":{"rendered":"\t\t<div data-elementor-type=\"wp-page\" data-elementor-id=\"3840\" class=\"elementor elementor-3840\" data-elementor-post-type=\"page\">\n\t\t\t\t<div class=\"elementor-element elementor-element-15e53a56 e-flex e-con-boxed e-con e-parent\" data-id=\"15e53a56\" data-element_type=\"container\">\n\t\t\t\t\t<div class=\"e-con-inner\">\n\t\t\t\t<div class=\"elementor-element elementor-element-779114da elementor-widget elementor-widget-text-editor\" data-id=\"779114da\" data-element_type=\"widget\" data-widget_type=\"text-editor.default\">\n\t\t\t\t<div class=\"elementor-widget-container\">\n\t\t\t\t\t\t\t\t\t<p><div id=\"pl-gb3840-69d4367932a01\"  class=\"panel-layout\" ><div id=\"pg-gb3840-69d4367932a01-0\"  class=\"panel-grid panel-has-style\" ><div class=\"page-section container panel-row-style panel-row-style-for-gb3840-69d4367932a01-0\" id=\"section-contact01\" ><div id=\"pgc-gb3840-69d4367932a01-0-0\"  class=\"panel-grid-cell\" ><div id=\"panel-gb3840-69d4367932a01-0-0-0\" class=\"so-panel widget widget_media_image panel-first-child\" data-index=\"0\" ><div class=\"no-visuel-mobile panel-widget-style panel-widget-style-for-gb3840-69d4367932a01-0-0-0\" ><img fetchpriority=\"high\" decoding=\"async\" width=\"1500\" height=\"654\" src=\"https:\/\/www.bimandco.com\/bim\/wp-content\/uploads\/2020\/06\/contact-2560x1117-1-1536x670.jpg\" class=\"image wp-image-3939  attachment-1500x654 size-1500x654\" alt=\"\" style=\"max-width: 100%; height: auto;\" srcset=\"https:\/\/www.bimandco.com\/bim\/wp-content\/uploads\/2020\/06\/contact-2560x1117-1-1536x670.jpg 1536w, https:\/\/www.bimandco.com\/bim\/wp-content\/uploads\/2020\/06\/contact-2560x1117-1-300x131.jpg 300w, https:\/\/www.bimandco.com\/bim\/wp-content\/uploads\/2020\/06\/contact-2560x1117-1-1024x447.jpg 1024w, https:\/\/www.bimandco.com\/bim\/wp-content\/uploads\/2020\/06\/contact-2560x1117-1-150x65.jpg 150w, https:\/\/www.bimandco.com\/bim\/wp-content\/uploads\/2020\/06\/contact-2560x1117-1-768x335.jpg 768w, https:\/\/www.bimandco.com\/bim\/wp-content\/uploads\/2020\/06\/contact-2560x1117-1-2048x894.jpg 2048w\" sizes=\"(max-width: 1500px) 100vw, 1500px\" \/><\/div><\/div><div id=\"panel-gb3840-69d4367932a01-0-0-1\" class=\"so-panel widget widget_media_image\" data-index=\"1\" ><div class=\"visuel-mobile panel-widget-style panel-widget-style-for-gb3840-69d4367932a01-0-0-1\" ><img decoding=\"async\" width=\"640\" height=\"746\" src=\"https:\/\/www.bimandco.com\/bim\/wp-content\/uploads\/2020\/06\/contact-878x1024-1-768x896.jpg\" class=\"image wp-image-3938  attachment-640x746 size-640x746\" alt=\"\" style=\"max-width: 100%; height: auto;\" srcset=\"https:\/\/www.bimandco.com\/bim\/wp-content\/uploads\/2020\/06\/contact-878x1024-1-768x896.jpg 768w, https:\/\/www.bimandco.com\/bim\/wp-content\/uploads\/2020\/06\/contact-878x1024-1-257x300.jpg 257w, https:\/\/www.bimandco.com\/bim\/wp-content\/uploads\/2020\/06\/contact-878x1024-1-129x150.jpg 129w, https:\/\/www.bimandco.com\/bim\/wp-content\/uploads\/2020\/06\/contact-878x1024-1.jpg 878w\" sizes=\"(max-width: 640px) 100vw, 640px\" \/><\/div><\/div><div id=\"panel-gb3840-69d4367932a01-0-0-2\" class=\"widget_text so-panel widget widget_custom_html panel-last-child\" data-index=\"2\" ><div class=\"widget_text description panel-widget-style panel-widget-style-for-gb3840-69d4367932a01-0-0-2\" ><div class=\"textwidget custom-html-widget\"><h1><span>Contactez nous<\/span><\/h1>\n<p><\/p>\n<p>\n<script charset=\"utf-8\" type=\"text\/javascript\" src=\"\/\/js.hsforms.net\/forms\/embed\/v2.js\"><\/script>\n<script>\n hbspt.forms.create({\n region: \"na1\",\n portalId: \"8031243\",\n formId: \"efb980e7-7ad9-4d69-b402-82b8442dfc1c\"\n });\n<\/script>\n<\/p>\n<\/div><\/div><\/div><\/div><\/div><\/div><\/div><\/p>\t\t\t\t\t\t\t\t<\/div>\n\t\t\t\t<\/div>\n\t\t<div class=\"elementor-element elementor-element-66749fb e-con-full e-flex e-con e-child\" data-id=\"66749fb\" data-element_type=\"container\">\n\t\t\t\t<\/div>\n\t\t\t\t\t<\/div>\n\t\t\t\t<\/div>\n\t\t\t\t<\/div>\n\t\t","protected":false},"excerpt":{"rendered":"","protected":false},"author":2,"featured_media":0,"parent":0,"menu_order":0,"comment_status":"closed","ping_status":"closed","template":"","meta":{"_acf_changed":false,"content-type":"","footnotes":""},"class_list":["post-3840","page","type-page","status-publish","hentry"],"acf":[],"yoast_head":"<!-- This site is optimized with the Yoast SEO plugin v26.0 - https:\/\/yoast.com\/wordpress\/plugins\/seo\/ -->\n<title>Contactez BIM&amp;CO - Nous sommes l\u00e0 pour vous aider<\/title>\n<meta name=\"description\" content=\"Vous avez des questions ou des besoins sp\u00e9cifiques ? Contactez BIM&amp;CO via notre formulaire en ligne, notre \u00e9quipe est \u00e0 votre disposition.\" \/>\n<meta name=\"robots\" content=\"index, follow, max-snippet:-1, max-image-preview:large, max-video-preview:-1\" \/>\n<link rel=\"canonical\" href=\"https:\/\/www.bimandco.com\/bim\/fr\/contactez-nous\/\" \/>\n<meta property=\"og:locale\" content=\"fr_FR\" \/>\n<meta property=\"og:type\" content=\"article\" \/>\n<meta property=\"og:title\" content=\"Contactez BIM&amp;CO - Nous sommes l\u00e0 pour vous aider\" \/>\n<meta property=\"og:description\" content=\"Vous avez des questions ou des besoins sp\u00e9cifiques ? Contactez BIM&amp;CO via notre formulaire en ligne, notre \u00e9quipe est \u00e0 votre disposition.\" \/>\n<meta property=\"og:url\" content=\"https:\/\/www.bimandco.com\/bim\/fr\/contactez-nous\/\" \/>\n<meta property=\"og:site_name\" content=\"BIM&amp;CO\" \/>\n<meta property=\"article:modified_time\" content=\"2024-07-15T07:12:41+00:00\" \/>\n<meta property=\"og:image\" content=\"https:\/\/www.bimandco.com\/bim\/wp-content\/uploads\/2020\/06\/contact-2560x1117-1-1536x670.jpg\" \/>\n<meta name=\"twitter:card\" content=\"summary_large_image\" \/>\n<meta name=\"twitter:label1\" content=\"Dur\u00e9e de lecture estim\u00e9e\" \/>\n\t<meta name=\"twitter:data1\" content=\"1 minute\" \/>\n<script type=\"application\/ld+json\" class=\"yoast-schema-graph\">{\"@context\":\"https:\/\/schema.org\",\"@graph\":[{\"@type\":\"WebPage\",\"@id\":\"https:\/\/www.bimandco.com\/bim\/fr\/contactez-nous\/\",\"url\":\"https:\/\/www.bimandco.com\/bim\/fr\/contactez-nous\/\",\"name\":\"Contactez BIM&amp;CO - Nous sommes l\u00e0 pour vous aider\",\"isPartOf\":{\"@id\":\"https:\/\/www.bimandco.com\/bim\/#website\"},\"primaryImageOfPage\":{\"@id\":\"https:\/\/www.bimandco.com\/bim\/fr\/contactez-nous\/#primaryimage\"},\"image\":{\"@id\":\"https:\/\/www.bimandco.com\/bim\/fr\/contactez-nous\/#primaryimage\"},\"thumbnailUrl\":\"https:\/\/www.bimandco.com\/bim\/wp-content\/uploads\/2020\/06\/contact-2560x1117-1-1536x670.jpg\",\"datePublished\":\"2020-06-05T06:09:09+00:00\",\"dateModified\":\"2024-07-15T07:12:41+00:00\",\"description\":\"Vous avez des questions ou des besoins sp\u00e9cifiques ? Contactez BIM&CO via notre formulaire en ligne, notre \u00e9quipe est \u00e0 votre disposition.\",\"breadcrumb\":{\"@id\":\"https:\/\/www.bimandco.com\/bim\/fr\/contactez-nous\/#breadcrumb\"},\"inLanguage\":\"fr-FR\",\"potentialAction\":[{\"@type\":\"ReadAction\",\"target\":[\"https:\/\/www.bimandco.com\/bim\/fr\/contactez-nous\/\"]}]},{\"@type\":\"ImageObject\",\"inLanguage\":\"fr-FR\",\"@id\":\"https:\/\/www.bimandco.com\/bim\/fr\/contactez-nous\/#primaryimage\",\"url\":\"https:\/\/www.bimandco.com\/bim\/wp-content\/uploads\/2020\/06\/contact-2560x1117-1.jpg\",\"contentUrl\":\"https:\/\/www.bimandco.com\/bim\/wp-content\/uploads\/2020\/06\/contact-2560x1117-1.jpg\",\"width\":2560,\"height\":1117},{\"@type\":\"BreadcrumbList\",\"@id\":\"https:\/\/www.bimandco.com\/bim\/fr\/contactez-nous\/#breadcrumb\",\"itemListElement\":[{\"@type\":\"ListItem\",\"position\":1,\"name\":\"Accueil\",\"item\":\"https:\/\/www.bimandco.com\/bim\/fr\/\"},{\"@type\":\"ListItem\",\"position\":2,\"name\":\"Contactez-nous\"}]},{\"@type\":\"WebSite\",\"@id\":\"https:\/\/www.bimandco.com\/bim\/#website\",\"url\":\"https:\/\/www.bimandco.com\/bim\/\",\"name\":\"BIM&amp;CO\",\"description\":\"\",\"publisher\":{\"@id\":\"https:\/\/www.bimandco.com\/bim\/#organization\"},\"potentialAction\":[{\"@type\":\"SearchAction\",\"target\":{\"@type\":\"EntryPoint\",\"urlTemplate\":\"https:\/\/www.bimandco.com\/bim\/?s={search_term_string}\"},\"query-input\":{\"@type\":\"PropertyValueSpecification\",\"valueRequired\":true,\"valueName\":\"search_term_string\"}}],\"inLanguage\":\"fr-FR\"},{\"@type\":\"Organization\",\"@id\":\"https:\/\/www.bimandco.com\/bim\/#organization\",\"name\":\"BIM&amp;CO\",\"url\":\"https:\/\/www.bimandco.com\/bim\/\",\"logo\":{\"@type\":\"ImageObject\",\"inLanguage\":\"fr-FR\",\"@id\":\"https:\/\/www.bimandco.com\/bim\/#\/schema\/logo\/image\/\",\"url\":\"https:\/\/www.bimandco.com\/bim\/wp-content\/uploads\/2023\/03\/logo-bimandco-1.svg\",\"contentUrl\":\"https:\/\/www.bimandco.com\/bim\/wp-content\/uploads\/2023\/03\/logo-bimandco-1.svg\",\"width\":102,\"height\":50,\"caption\":\"BIM&amp;CO\"},\"image\":{\"@id\":\"https:\/\/www.bimandco.com\/bim\/#\/schema\/logo\/image\/\"}}]}<\/script>\n<!-- \/ Yoast SEO plugin. -->","yoast_head_json":{"title":"Contactez BIM&amp;CO - Nous sommes l\u00e0 pour vous aider","description":"Vous avez des questions ou des besoins sp\u00e9cifiques ? Contactez BIM&CO via notre formulaire en ligne, notre \u00e9quipe est \u00e0 votre disposition.","robots":{"index":"index","follow":"follow","max-snippet":"max-snippet:-1","max-image-preview":"max-image-preview:large","max-video-preview":"max-video-preview:-1"},"canonical":"https:\/\/www.bimandco.com\/bim\/fr\/contactez-nous\/","og_locale":"fr_FR","og_type":"article","og_title":"Contactez BIM&amp;CO - Nous sommes l\u00e0 pour vous aider","og_description":"Vous avez des questions ou des besoins sp\u00e9cifiques ? Contactez BIM&CO via notre formulaire en ligne, notre \u00e9quipe est \u00e0 votre disposition.","og_url":"https:\/\/www.bimandco.com\/bim\/fr\/contactez-nous\/","og_site_name":"BIM&amp;CO","article_modified_time":"2024-07-15T07:12:41+00:00","og_image":[{"url":"https:\/\/www.bimandco.com\/bim\/wp-content\/uploads\/2020\/06\/contact-2560x1117-1-1536x670.jpg","type":"","width":"","height":""}],"twitter_card":"summary_large_image","twitter_misc":{"Dur\u00e9e de lecture estim\u00e9e":"1 minute"},"schema":{"@context":"https:\/\/schema.org","@graph":[{"@type":"WebPage","@id":"https:\/\/www.bimandco.com\/bim\/fr\/contactez-nous\/","url":"https:\/\/www.bimandco.com\/bim\/fr\/contactez-nous\/","name":"Contactez BIM&amp;CO - Nous sommes l\u00e0 pour vous aider","isPartOf":{"@id":"https:\/\/www.bimandco.com\/bim\/#website"},"primaryImageOfPage":{"@id":"https:\/\/www.bimandco.com\/bim\/fr\/contactez-nous\/#primaryimage"},"image":{"@id":"https:\/\/www.bimandco.com\/bim\/fr\/contactez-nous\/#primaryimage"},"thumbnailUrl":"https:\/\/www.bimandco.com\/bim\/wp-content\/uploads\/2020\/06\/contact-2560x1117-1-1536x670.jpg","datePublished":"2020-06-05T06:09:09+00:00","dateModified":"2024-07-15T07:12:41+00:00","description":"Vous avez des questions ou des besoins sp\u00e9cifiques ? Contactez BIM&CO via notre formulaire en ligne, notre \u00e9quipe est \u00e0 votre disposition.","breadcrumb":{"@id":"https:\/\/www.bimandco.com\/bim\/fr\/contactez-nous\/#breadcrumb"},"inLanguage":"fr-FR","potentialAction":[{"@type":"ReadAction","target":["https:\/\/www.bimandco.com\/bim\/fr\/contactez-nous\/"]}]},{"@type":"ImageObject","inLanguage":"fr-FR","@id":"https:\/\/www.bimandco.com\/bim\/fr\/contactez-nous\/#primaryimage","url":"https:\/\/www.bimandco.com\/bim\/wp-content\/uploads\/2020\/06\/contact-2560x1117-1.jpg","contentUrl":"https:\/\/www.bimandco.com\/bim\/wp-content\/uploads\/2020\/06\/contact-2560x1117-1.jpg","width":2560,"height":1117},{"@type":"BreadcrumbList","@id":"https:\/\/www.bimandco.com\/bim\/fr\/contactez-nous\/#breadcrumb","itemListElement":[{"@type":"ListItem","position":1,"name":"Accueil","item":"https:\/\/www.bimandco.com\/bim\/fr\/"},{"@type":"ListItem","position":2,"name":"Contactez-nous"}]},{"@type":"WebSite","@id":"https:\/\/www.bimandco.com\/bim\/#website","url":"https:\/\/www.bimandco.com\/bim\/","name":"BIM&amp;CO","description":"","publisher":{"@id":"https:\/\/www.bimandco.com\/bim\/#organization"},"potentialAction":[{"@type":"SearchAction","target":{"@type":"EntryPoint","urlTemplate":"https:\/\/www.bimandco.com\/bim\/?s={search_term_string}"},"query-input":{"@type":"PropertyValueSpecification","valueRequired":true,"valueName":"search_term_string"}}],"inLanguage":"fr-FR"},{"@type":"Organization","@id":"https:\/\/www.bimandco.com\/bim\/#organization","name":"BIM&amp;CO","url":"https:\/\/www.bimandco.com\/bim\/","logo":{"@type":"ImageObject","inLanguage":"fr-FR","@id":"https:\/\/www.bimandco.com\/bim\/#\/schema\/logo\/image\/","url":"https:\/\/www.bimandco.com\/bim\/wp-content\/uploads\/2023\/03\/logo-bimandco-1.svg","contentUrl":"https:\/\/www.bimandco.com\/bim\/wp-content\/uploads\/2023\/03\/logo-bimandco-1.svg","width":102,"height":50,"caption":"BIM&amp;CO"},"image":{"@id":"https:\/\/www.bimandco.com\/bim\/#\/schema\/logo\/image\/"}}]}},"_links":{"self":[{"href":"https:\/\/www.bimandco.com\/bim\/wp-json\/wp\/v2\/pages\/3840","targetHints":{"allow":["GET"]}}],"collection":[{"href":"https:\/\/www.bimandco.com\/bim\/wp-json\/wp\/v2\/pages"}],"about":[{"href":"https:\/\/www.bimandco.com\/bim\/wp-json\/wp\/v2\/types\/page"}],"author":[{"embeddable":true,"href":"https:\/\/www.bimandco.com\/bim\/wp-json\/wp\/v2\/users\/2"}],"replies":[{"embeddable":true,"href":"https:\/\/www.bimandco.com\/bim\/wp-json\/wp\/v2\/comments?post=3840"}],"version-history":[{"count":18,"href":"https:\/\/www.bimandco.com\/bim\/wp-json\/wp\/v2\/pages\/3840\/revisions"}],"predecessor-version":[{"id":44737,"href":"https:\/\/www.bimandco.com\/bim\/wp-json\/wp\/v2\/pages\/3840\/revisions\/44737"}],"wp:attachment":[{"href":"https:\/\/www.bimandco.com\/bim\/wp-json\/wp\/v2\/media?parent=3840"}],"curies":[{"name":"wp","href":"https:\/\/api.w.org\/{rel}","templated":true}]}}