{"id":3303,"date":"2020-04-27T11:09:14","date_gmt":"2020-04-27T09:09:14","guid":{"rendered":"https:\/\/www.bimandco.com\/bim\/?page_id=3303"},"modified":"2020-06-22T08:25:16","modified_gmt":"2020-06-22T06:25:16","slug":"a-nossa-missao","status":"publish","type":"page","link":"https:\/\/www.bimandco.com\/bim\/pt\/a-nossa-missao\/","title":{"rendered":"A nossa miss\u00e3o"},"content":{"rendered":"<div id=\"pl-gb3303-6a05ef48a1da9\"  class=\"panel-layout\" ><div id=\"pg-gb3303-6a05ef48a1da9-0\"  class=\"panel-grid panel-has-style\" ><div class=\"page-section container panel-row-style panel-row-style-for-gb3303-6a05ef48a1da9-0\" id=\"section-manifesto01\" ><div id=\"pgc-gb3303-6a05ef48a1da9-0-0\"  class=\"panel-grid-cell\" ><div id=\"panel-gb3303-6a05ef48a1da9-0-0-0\" class=\"so-panel widget widget_media_image panel-first-child\" data-index=\"0\" ><div class=\"no-visuel-mobile panel-widget-style panel-widget-style-for-gb3303-6a05ef48a1da9-0-0-0\" ><img fetchpriority=\"high\" decoding=\"async\" width=\"1500\" height=\"655\" src=\"https:\/\/www.bimandco.com\/bim\/wp-content\/uploads\/2020\/03\/the-constructive-mindset-1536x671.jpg\" class=\"image wp-image-775  attachment-1500x655 size-1500x655\" alt=\"\" style=\"max-width: 100%; height: auto;\" srcset=\"https:\/\/www.bimandco.com\/bim\/wp-content\/uploads\/2020\/03\/the-constructive-mindset-1536x671.jpg 1536w, https:\/\/www.bimandco.com\/bim\/wp-content\/uploads\/2020\/03\/the-constructive-mindset-300x131.jpg 300w, https:\/\/www.bimandco.com\/bim\/wp-content\/uploads\/2020\/03\/the-constructive-mindset-1024x447.jpg 1024w, https:\/\/www.bimandco.com\/bim\/wp-content\/uploads\/2020\/03\/the-constructive-mindset-150x65.jpg 150w, https:\/\/www.bimandco.com\/bim\/wp-content\/uploads\/2020\/03\/the-constructive-mindset-768x335.jpg 768w, https:\/\/www.bimandco.com\/bim\/wp-content\/uploads\/2020\/03\/the-constructive-mindset-2048x894.jpg 2048w\" sizes=\"(max-width: 1500px) 100vw, 1500px\" \/><\/div><\/div><div id=\"panel-gb3303-6a05ef48a1da9-0-0-1\" class=\"so-panel widget widget_media_image\" data-index=\"1\" ><div class=\"visuel-mobile panel-widget-style panel-widget-style-for-gb3303-6a05ef48a1da9-0-0-1\" ><img decoding=\"async\" width=\"640\" height=\"746\" src=\"https:\/\/www.bimandco.com\/bim\/wp-content\/uploads\/2020\/03\/the-constructive-mindset-mobile-878x1024.jpg\" class=\"image wp-image-776  attachment-large size-large\" alt=\"\" style=\"max-width: 100%; height: auto;\" srcset=\"https:\/\/www.bimandco.com\/bim\/wp-content\/uploads\/2020\/03\/the-constructive-mindset-mobile-878x1024.jpg 878w, https:\/\/www.bimandco.com\/bim\/wp-content\/uploads\/2020\/03\/the-constructive-mindset-mobile-257x300.jpg 257w, https:\/\/www.bimandco.com\/bim\/wp-content\/uploads\/2020\/03\/the-constructive-mindset-mobile-129x150.jpg 129w, https:\/\/www.bimandco.com\/bim\/wp-content\/uploads\/2020\/03\/the-constructive-mindset-mobile-768x896.jpg 768w, https:\/\/www.bimandco.com\/bim\/wp-content\/uploads\/2020\/03\/the-constructive-mindset-mobile.jpg 1029w\" sizes=\"(max-width: 640px) 100vw, 640px\" \/><\/div><\/div><div id=\"panel-gb3303-6a05ef48a1da9-0-0-2\" class=\"widget_text so-panel widget widget_custom_html panel-last-child\" data-index=\"2\" ><div class=\"widget_text description panel-widget-style panel-widget-style-for-gb3303-6a05ef48a1da9-0-0-2\" ><div class=\"textwidget custom-html-widget\"><h1><span>A nossa miss\u00e3o<\/span>Harmonia \u00e9 a nova norma !<\/h1>\n<p>Gra\u00e7as \u00e0 tecnologia exclusiva de harmoniza\u00e7\u00e3o de dados, garantimos que os conte\u00fados e os dados dos fabricantes apresentam compatibilidade para al\u00e9m das normas e idiomas, permitindo a distribui\u00e7\u00e3o integrada da informa\u00e7\u00e3o para qualquer software, tal como o software de c\u00e1lculo, as ferramentas de modela\u00e7\u00e3o BIM e muito mais.<\/p><\/div><\/div><\/div><\/div><\/div><\/div><\/div>\n\n<div id=\"pl-gb3303-6a05ef48a3447\"  class=\"panel-layout\" ><div id=\"pg-gb3303-6a05ef48a3447-0\"  class=\"panel-grid panel-has-style\" ><div class=\"page-section panel-row-style panel-row-style-for-gb3303-6a05ef48a3447-0\" id=\"section-manifesto02\" ><div id=\"pgc-gb3303-6a05ef48a3447-0-0\"  class=\"panel-grid-cell\" ><div id=\"panel-gb3303-6a05ef48a3447-0-0-0\" class=\"so-panel widget widget_siteorigin-panels-builder panel-first-child panel-last-child\" data-index=\"0\" ><div class=\"container panel-widget-style panel-widget-style-for-gb3303-6a05ef48a3447-0-0-0\" ><div id=\"pl-w5ef04e60e1f37\"  class=\"panel-layout\" ><div id=\"pg-w5ef04e60e1f37-0\"  class=\"panel-grid panel-no-style\" ><div id=\"pgc-w5ef04e60e1f37-0-0\"  class=\"panel-grid-cell\" ><div id=\"panel-w5ef04e60e1f37-0-0-0\" class=\"so-panel widget widget_media_image panel-first-child panel-last-child\" data-index=\"0\" ><div class=\"rellax1 panel-widget-style panel-widget-style-for-w5ef04e60e1f37-0-0-0\" ><img decoding=\"async\" width=\"640\" height=\"413\" src=\"https:\/\/www.bimandco.com\/bim\/wp-content\/uploads\/2020\/03\/cracking-geometry-1024x660.jpg\" class=\"image wp-image-782  attachment-large size-large\" alt=\"\" style=\"max-width: 100%; height: auto;\" srcset=\"https:\/\/www.bimandco.com\/bim\/wp-content\/uploads\/2020\/03\/cracking-geometry-1024x660.jpg 1024w, https:\/\/www.bimandco.com\/bim\/wp-content\/uploads\/2020\/03\/cracking-geometry-300x193.jpg 300w, https:\/\/www.bimandco.com\/bim\/wp-content\/uploads\/2020\/03\/cracking-geometry-150x97.jpg 150w, https:\/\/www.bimandco.com\/bim\/wp-content\/uploads\/2020\/03\/cracking-geometry-768x495.jpg 768w, https:\/\/www.bimandco.com\/bim\/wp-content\/uploads\/2020\/03\/cracking-geometry-1536x991.jpg 1536w, https:\/\/www.bimandco.com\/bim\/wp-content\/uploads\/2020\/03\/cracking-geometry.jpg 1819w\" sizes=\"(max-width: 640px) 100vw, 640px\" \/><\/div><\/div><\/div><div id=\"pgc-w5ef04e60e1f37-0-1\"  class=\"panel-grid-cell\" ><div id=\"panel-w5ef04e60e1f37-0-1-0\" class=\"so-panel widget widget_text panel-first-child\" data-index=\"1\" ><div class=\"suptitle-tag panel-widget-style panel-widget-style-for-w5ef04e60e1f37-0-1-0\" >\t\t\t<div class=\"textwidget\"><p>UM MOVIMENTO DE FUROS<\/p>\n<\/div>\n\t\t<\/div><\/div><div id=\"panel-w5ef04e60e1f37-0-1-1\" class=\"widget_text so-panel widget widget_custom_html panel-last-child\" data-index=\"2\" ><div class=\"textwidget custom-html-widget\"><h2>Descodificando a <span>geometria<\/span> e os dados<\/h2>\n<p>Enquanto os dados requerem organiza\u00e7\u00e3o e classifica\u00e7\u00e3o para responderem a v\u00e1rias necessidades, as formas geom\u00e9tricas devem estar dispon\u00edveis em todos os ambientes 3D. Processamos os dados e a geometria separadamente, e fazemos o mapeamento conjunto como um objeto interligado. Desta forma, pode gerir dados avan\u00e7ados enquanto os seus ficheiros nativos s\u00e3o sincronizados e est\u00e3o sempre atualizados.<\/p><\/div><\/div><\/div><\/div><\/div><\/div><\/div><\/div><\/div><\/div><\/div>\n\n<div id=\"pl-gb3303-6a05ef48a4c89\"  class=\"panel-layout\" ><div id=\"pg-gb3303-6a05ef48a4c89-0\"  class=\"panel-grid panel-has-style\" ><div class=\"page-section panel-row-style panel-row-style-for-gb3303-6a05ef48a4c89-0\" id=\"section-manifesto03\" ><div id=\"pgc-gb3303-6a05ef48a4c89-0-0\"  class=\"panel-grid-cell\" ><div id=\"panel-gb3303-6a05ef48a4c89-0-0-0\" class=\"so-panel widget widget_siteorigin-panels-builder panel-first-child panel-last-child\" data-index=\"0\" ><div id=\"pl-w5ea6a298323e7\"  class=\"panel-layout\" ><div id=\"pg-w5ea6a298323e7-0\"  class=\"panel-grid panel-has-style\" ><div class=\"container panel-row-style panel-row-style-for-w5ea6a298323e7-0\" ><div id=\"pgc-w5ea6a298323e7-0-0\"  class=\"panel-grid-cell\" ><div id=\"panel-w5ea6a298323e7-0-0-0\" class=\"so-panel widget widget_media_image panel-first-child panel-last-child\" data-index=\"0\" ><div id=\"data-img\" class=\"panel-widget-style panel-widget-style-for-w5ea6a298323e7-0-0-0\" ><img loading=\"lazy\" decoding=\"async\" width=\"1031\" height=\"580\" src=\"https:\/\/www.bimandco.com\/bim\/wp-content\/uploads\/2020\/03\/in-data-we-trust-1536x864.jpg\" class=\"image wp-image-787  attachment-1031x580 size-1031x580\" alt=\"\" style=\"max-width: 100%; height: auto;\" srcset=\"https:\/\/www.bimandco.com\/bim\/wp-content\/uploads\/2020\/03\/in-data-we-trust-1536x864.jpg 1536w, https:\/\/www.bimandco.com\/bim\/wp-content\/uploads\/2020\/03\/in-data-we-trust-300x169.jpg 300w, https:\/\/www.bimandco.com\/bim\/wp-content\/uploads\/2020\/03\/in-data-we-trust-1024x576.jpg 1024w, https:\/\/www.bimandco.com\/bim\/wp-content\/uploads\/2020\/03\/in-data-we-trust-150x84.jpg 150w, https:\/\/www.bimandco.com\/bim\/wp-content\/uploads\/2020\/03\/in-data-we-trust-768x432.jpg 768w, https:\/\/www.bimandco.com\/bim\/wp-content\/uploads\/2020\/03\/in-data-we-trust-2048x1152.jpg 2048w\" sizes=\"(max-width: 1031px) 100vw, 1031px\" \/><\/div><\/div><\/div><div id=\"pgc-w5ea6a298323e7-0-1\"  class=\"panel-grid-cell\" ><div id=\"panel-w5ea6a298323e7-0-1-0\" class=\"widget_text so-panel widget widget_custom_html panel-first-child panel-last-child\" data-index=\"1\" ><div id=\"data-text\" class=\"widget_text panel-widget-style panel-widget-style-for-w5ea6a298323e7-0-1-0\" ><div class=\"textwidget custom-html-widget\"><h2>Temos f\u00e9 nos <span>DADOS<\/span><\/h2>\n<p>Acreditamos que a produ\u00e7\u00e3o de dados adequados \u00e9 fundamental para a resolu\u00e7\u00e3o de grandes problemas. Mantendo o foco na consist\u00eancia e compatibilidade, potenciamos a gest\u00e3o de dados para melhor dimensionar os projetos de constru\u00e7\u00e3o, valorizando a qualidade, reduzindo os custos e refor\u00e7ando todo o processo de constru\u00e7\u00e3o. Esque\u00e7a os objetos BIM, os dados s\u00e3o o mais importante!<\/p><\/div><\/div><\/div><\/div><\/div><\/div><\/div><\/div><\/div><\/div><\/div><\/div>\n\n<div id=\"pl-gb3303-6a05ef48a5a96\"  class=\"panel-layout\" ><div id=\"pg-gb3303-6a05ef48a5a96-0\"  class=\"panel-grid panel-has-style\" ><div class=\"page-section panel-row-style panel-row-style-for-gb3303-6a05ef48a5a96-0\" id=\"section-manifesto04\" ><div id=\"pgc-gb3303-6a05ef48a5a96-0-0\"  class=\"panel-grid-cell\" ><div id=\"panel-gb3303-6a05ef48a5a96-0-0-0\" class=\"so-panel widget widget_siteorigin-panels-builder panel-first-child panel-last-child\" data-index=\"0\" ><div id=\"pl-w5ea6a37708184\"  class=\"panel-layout\" ><div id=\"pg-w5ea6a37708184-0\"  class=\"panel-grid panel-has-style\" ><div class=\"container panel-row-style panel-row-style-for-w5ea6a37708184-0\" ><div id=\"pgc-w5ea6a37708184-0-0\"  class=\"panel-grid-cell\" ><div id=\"panel-w5ea6a37708184-0-0-0\" class=\"widget_text so-panel widget widget_custom_html panel-first-child panel-last-child\" data-index=\"0\" ><div class=\"textwidget custom-html-widget\"><h2><span>Ativistas<\/span> BIM pela tecnologia aberta<\/h2><\/div><\/div><\/div><\/div><\/div><div id=\"pg-w5ea6a37708184-1\"  class=\"panel-grid panel-has-style\" ><div class=\"container panel-row-style panel-row-style-for-w5ea6a37708184-1\" id=\"etienne-block\" ><div id=\"pgc-w5ea6a37708184-1-0\"  class=\"panel-grid-cell\" ><div id=\"panel-w5ea6a37708184-1-0-0\" class=\"so-panel widget widget_media_image panel-first-child panel-last-child\" data-index=\"1\" ><img loading=\"lazy\" decoding=\"async\" width=\"160\" height=\"160\" src=\"https:\/\/www.bimandco.com\/bim\/wp-content\/uploads\/2020\/03\/etienne-mullie-300x300.png\" class=\"image wp-image-816  attachment-160x160 size-160x160\" alt=\"\" style=\"max-width: 100%; height: auto;\" srcset=\"https:\/\/www.bimandco.com\/bim\/wp-content\/uploads\/2020\/03\/etienne-mullie-300x300.png 300w, https:\/\/www.bimandco.com\/bim\/wp-content\/uploads\/2020\/03\/etienne-mullie-150x150.png 150w, https:\/\/www.bimandco.com\/bim\/wp-content\/uploads\/2020\/03\/etienne-mullie.png 480w\" sizes=\"(max-width: 160px) 100vw, 160px\" \/><\/div><\/div><div id=\"pgc-w5ea6a37708184-1-1\"  class=\"panel-grid-cell\" ><div id=\"panel-w5ea6a37708184-1-1-0\" class=\"widget_text so-panel widget widget_custom_html panel-first-child panel-last-child\" data-index=\"2\" ><div class=\"textwidget custom-html-widget\"><p>\u00ab\u00a0Desde o come\u00e7o, empenhamo-nos em oferecer tecnologias de colabora\u00e7\u00e3o abertas, que permitissem a todos os atores BIM trabalhar em conjunto e de forma mais eficaz\u00a0\u00bb<\/p>\n<div>afirma <strong>Etienne Mullie<\/strong>, fundadora de BIM&amp;Co<\/div><\/div><\/div><\/div><\/div><\/div><div id=\"pg-w5ea6a37708184-2\"  class=\"panel-grid panel-has-style\" ><div class=\"container panel-row-style panel-row-style-for-w5ea6a37708184-2\" id=\"bsdd-text\" ><div id=\"pgc-w5ea6a37708184-2-0\"  class=\"panel-grid-cell\" ><div id=\"panel-w5ea6a37708184-2-0-0\" class=\"so-panel widget widget_text panel-first-child panel-last-child\" data-index=\"3\" >\t\t\t<div class=\"textwidget\"><p>Enquanto colaboradores do Dicion\u00e1rio de Dados para Constru\u00e7\u00e3o inteligente (Building Smart Data Dictionary, BSDD), somos a favor do desenvolvimento de todas as normas abertas para fomentar a interoperabilidade de software. Estamos na vanguarda do desenvolvimento das normas BIM, facilitando a respetiva ado\u00e7\u00e3o atrav\u00e9s da integra\u00e7\u00e3o das atualiza\u00e7\u00f5es mais recentes nas nossas solu\u00e7\u00f5es.<\/p>\n<\/div>\n\t\t<\/div><\/div><\/div><\/div><div id=\"pg-w5ea6a37708184-3\"  class=\"panel-grid panel-has-style\" ><div class=\"container panel-row-style panel-row-style-for-w5ea6a37708184-3\" id=\"on-the-fly\" ><div id=\"pgc-w5ea6a37708184-3-0\"  class=\"panel-grid-cell panel-grid-cell-empty\" ><\/div><div id=\"pgc-w5ea6a37708184-3-1\"  class=\"panel-grid-cell\" ><div id=\"panel-w5ea6a37708184-3-1-0\" class=\"so-panel widget widget_text panel-first-child\" data-index=\"4\" ><h2 class=\"widget-title\">Instant\u00e2neo<\/h2>\t\t\t<div class=\"textwidget\"><\/div>\n\t\t<\/div><div id=\"panel-w5ea6a37708184-3-1-1\" class=\"so-panel widget widget_text panel-last-child\" data-index=\"5\" >\t\t\t<div class=\"textwidget\"><p>As nossas ferramentas intuitivas permitem partilhar dados em tempo real e a partir de uma fonte exclusiva online. Sincronize atualiza\u00e7\u00f5es com todos os seus parceiros atrav\u00e9s de um \u00fanico clique, sem necessitar de nenhum software BIM. Quer necessite de informa\u00e7\u00e3o, meta-dados ou modelos, poupe tempo com a convers\u00e3o 3D, tradu\u00e7\u00e3o de meta-dados ou atualiza\u00e7\u00f5es de informa\u00e7\u00e3o.<\/p>\n<\/div>\n\t\t<\/div><\/div><\/div><\/div><\/div><\/div><\/div><\/div><\/div><\/div>\n\n<div id=\"pl-gb3303-6a05ef48a729b\"  class=\"panel-layout\" ><div id=\"pg-gb3303-6a05ef48a729b-0\"  class=\"panel-grid panel-has-style\" ><div class=\"page-section panel-row-style panel-row-style-for-gb3303-6a05ef48a729b-0\" id=\"section-manifesto05\" ><div id=\"pgc-gb3303-6a05ef48a729b-0-0\"  class=\"panel-grid-cell\" ><div id=\"panel-gb3303-6a05ef48a729b-0-0-0\" class=\"so-panel widget widget_siteorigin-panels-builder panel-first-child panel-last-child\" data-index=\"0\" ><div class=\"container panel-widget-style panel-widget-style-for-gb3303-6a05ef48a729b-0-0-0\" ><div id=\"pl-w5ef04e8418a68\"  class=\"panel-layout\" ><div id=\"pg-w5ef04e8418a68-0\"  class=\"panel-grid panel-no-style\" ><div id=\"pgc-w5ef04e8418a68-0-0\"  class=\"panel-grid-cell\" ><div id=\"panel-w5ef04e8418a68-0-0-0\" class=\"widget_text so-panel widget widget_custom_html panel-first-child panel-last-child\" data-index=\"0\" ><div class=\"textwidget custom-html-widget\"><h2>Construindo sobre a experi\u00eancia da <span>comunidade<\/span><\/h2>\n<p>A comunidade BIM&amp;CO interliga o conhecimento e a experi\u00eancia do setor AEC, dos fabricantes, editores de software e das organiza\u00e7\u00f5es de normaliza\u00e7\u00e3o numa rede de entusiastas BIM, que partilham a mesma paix\u00e3o e vis\u00e3o coletiva em rela\u00e7\u00e3o \u00e0 evolu\u00e7\u00e3o dos acontecimentos.<\/p><\/div><\/div><\/div><div id=\"pgc-w5ef04e8418a68-0-1\"  class=\"panel-grid-cell\" ><div id=\"panel-w5ef04e8418a68-0-1-0\" class=\"so-panel widget widget_media_image panel-first-child panel-last-child\" data-index=\"1\" ><div class=\"rellax1 panel-widget-style panel-widget-style-for-w5ef04e8418a68-0-1-0\" ><img loading=\"lazy\" decoding=\"async\" width=\"640\" height=\"413\" src=\"https:\/\/www.bimandco.com\/bim\/wp-content\/uploads\/2020\/06\/community-768x496-7.jpg\" class=\"image wp-image-4268  attachment-640x413 size-640x413\" alt=\"\" style=\"max-width: 100%; height: auto;\" srcset=\"https:\/\/www.bimandco.com\/bim\/wp-content\/uploads\/2020\/06\/community-768x496-7.jpg 768w, https:\/\/www.bimandco.com\/bim\/wp-content\/uploads\/2020\/06\/community-768x496-7-300x194.jpg 300w, https:\/\/www.bimandco.com\/bim\/wp-content\/uploads\/2020\/06\/community-768x496-7-150x97.jpg 150w\" sizes=\"(max-width: 640px) 100vw, 640px\" \/><\/div><\/div><\/div><\/div><\/div><\/div><\/div><\/div><\/div><\/div><\/div>\n\n<div id=\"pl-gb3303-6a05ef48a7ff0\"  class=\"panel-layout\" ><div id=\"pg-gb3303-6a05ef48a7ff0-0\"  class=\"panel-grid panel-has-style\" ><div class=\"page-section panel-row-style panel-row-style-for-gb3303-6a05ef48a7ff0-0\" id=\"section-manifesto06\" ><div id=\"pgc-gb3303-6a05ef48a7ff0-0-0\"  class=\"panel-grid-cell\" ><div id=\"panel-gb3303-6a05ef48a7ff0-0-0-0\" class=\"so-panel widget widget_siteorigin-panels-builder panel-first-child panel-last-child\" data-index=\"0\" ><div class=\"container panel-widget-style panel-widget-style-for-gb3303-6a05ef48a7ff0-0-0-0\" ><div id=\"pl-w5ea6a41721021\"  class=\"panel-layout\" ><div id=\"pg-w5ea6a41721021-0\"  class=\"panel-grid panel-no-style\" ><div id=\"pgc-w5ea6a41721021-0-0\"  class=\"panel-grid-cell\" ><div id=\"panel-w5ea6a41721021-0-0-0\" class=\"so-panel widget widget_media_image panel-first-child panel-last-child\" data-index=\"0\" ><div class=\"rellax1 panel-widget-style panel-widget-style-for-w5ea6a41721021-0-0-0\" ><img loading=\"lazy\" decoding=\"async\" width=\"640\" height=\"413\" src=\"https:\/\/www.bimandco.com\/bim\/wp-content\/uploads\/2020\/03\/future-proof-buildings-1024x661.jpg\" class=\"image wp-image-794  attachment-large size-large\" alt=\"\" style=\"max-width: 100%; height: auto;\" srcset=\"https:\/\/www.bimandco.com\/bim\/wp-content\/uploads\/2020\/03\/future-proof-buildings-1024x661.jpg 1024w, https:\/\/www.bimandco.com\/bim\/wp-content\/uploads\/2020\/03\/future-proof-buildings-300x194.jpg 300w, https:\/\/www.bimandco.com\/bim\/wp-content\/uploads\/2020\/03\/future-proof-buildings-150x97.jpg 150w, https:\/\/www.bimandco.com\/bim\/wp-content\/uploads\/2020\/03\/future-proof-buildings-768x496.jpg 768w, https:\/\/www.bimandco.com\/bim\/wp-content\/uploads\/2020\/03\/future-proof-buildings-1536x992.jpg 1536w, https:\/\/www.bimandco.com\/bim\/wp-content\/uploads\/2020\/03\/future-proof-buildings.jpg 1827w\" sizes=\"(max-width: 640px) 100vw, 640px\" \/><\/div><\/div><\/div><div id=\"pgc-w5ea6a41721021-0-1\"  class=\"panel-grid-cell\" ><div id=\"panel-w5ea6a41721021-0-1-0\" class=\"widget_text so-panel widget widget_custom_html panel-first-child panel-last-child\" data-index=\"1\" ><div class=\"textwidget custom-html-widget\"><h2>Edif\u00edcios \u00e0 prova do <span>futuro<\/span><\/h2>\n<p>As previs\u00f5es de aquisi\u00e7\u00e3o de mat\u00e9rias-primas s\u00e3o estimativas grosseiras de baixa precis\u00e3o, respons\u00e1veis pela cria\u00e7\u00e3o de despesas extraordin\u00e1rias e quantidades significativas de desperd\u00edcio. Fornecendo dados rigorosos \u00e0s ferramentas de c\u00e1lculo, podemos ajudar o setor AEC a identificar as necessidades reais e funcionar com menos desperd\u00edcio.<\/p><\/div><\/div><\/div><\/div><\/div><\/div><\/div><\/div><\/div><\/div><\/div>\n\n<div id=\"pl-gb3303-6a05ef48a8c19\"  class=\"panel-layout\" ><div id=\"pg-gb3303-6a05ef48a8c19-0\"  class=\"panel-grid panel-has-style\" ><div class=\"page-section panel-row-style panel-row-style-for-gb3303-6a05ef48a8c19-0\" id=\"section-manifesto07\" ><div id=\"pgc-gb3303-6a05ef48a8c19-0-0\"  class=\"panel-grid-cell\" ><div id=\"panel-gb3303-6a05ef48a8c19-0-0-0\" class=\"widget_text so-panel widget widget_custom_html panel-first-child panel-last-child\" data-index=\"0\" ><div class=\"textwidget custom-html-widget\"><a href=\"\/bim\/pt\/solucoes-aec-construction-onfly-bim-content-management-system\/\" class=\"btn btn-blue-medium\">Descubra a nossa solu\u00e7\u00e3o de BIM Family Browser Onfly<\/a><\/div><\/div><\/div><\/div><\/div><\/div>","protected":false},"excerpt":{"rendered":"","protected":false},"author":2,"featured_media":0,"parent":0,"menu_order":0,"comment_status":"closed","ping_status":"closed","template":"","meta":{"_acf_changed":false,"content-type":"","footnotes":""},"class_list":["post-3303","page","type-page","status-publish","hentry"],"acf":[],"yoast_head":"<!-- This site is optimized with the Yoast SEO plugin v26.0 - https:\/\/yoast.com\/wordpress\/plugins\/seo\/ -->\n<title>A nossa miss\u00e3o - BIM&amp;CO<\/title>\n<meta name=\"robots\" content=\"index, follow, max-snippet:-1, max-image-preview:large, max-video-preview:-1\" \/>\n<link rel=\"canonical\" href=\"https:\/\/www.bimandco.com\/bim\/pt\/a-nossa-missao\/\" \/>\n<meta property=\"og:locale\" content=\"fr_FR\" \/>\n<meta property=\"og:type\" content=\"article\" \/>\n<meta property=\"og:title\" content=\"A nossa miss\u00e3o - BIM&amp;CO\" \/>\n<meta property=\"og:url\" content=\"https:\/\/www.bimandco.com\/bim\/pt\/a-nossa-missao\/\" \/>\n<meta property=\"og:site_name\" content=\"BIM&amp;CO\" \/>\n<meta property=\"article:modified_time\" content=\"2020-06-22T06:25:16+00:00\" \/>\n<meta name=\"twitter:card\" content=\"summary_large_image\" \/>\n<script type=\"application\/ld+json\" class=\"yoast-schema-graph\">{\"@context\":\"https:\/\/schema.org\",\"@graph\":[{\"@type\":\"WebPage\",\"@id\":\"https:\/\/www.bimandco.com\/bim\/pt\/a-nossa-missao\/\",\"url\":\"https:\/\/www.bimandco.com\/bim\/pt\/a-nossa-missao\/\",\"name\":\"A nossa miss\u00e3o - BIM&amp;CO\",\"isPartOf\":{\"@id\":\"https:\/\/www.bimandco.com\/bim\/#website\"},\"datePublished\":\"2020-04-27T09:09:14+00:00\",\"dateModified\":\"2020-06-22T06:25:16+00:00\",\"breadcrumb\":{\"@id\":\"https:\/\/www.bimandco.com\/bim\/pt\/a-nossa-missao\/#breadcrumb\"},\"inLanguage\":\"fr-FR\",\"potentialAction\":[{\"@type\":\"ReadAction\",\"target\":[\"https:\/\/www.bimandco.com\/bim\/pt\/a-nossa-missao\/\"]}]},{\"@type\":\"BreadcrumbList\",\"@id\":\"https:\/\/www.bimandco.com\/bim\/pt\/a-nossa-missao\/#breadcrumb\",\"itemListElement\":[{\"@type\":\"ListItem\",\"position\":1,\"name\":\"Accueil\",\"item\":\"https:\/\/www.bimandco.com\/bim\/fr\/\"},{\"@type\":\"ListItem\",\"position\":2,\"name\":\"A nossa miss\u00e3o\"}]},{\"@type\":\"WebSite\",\"@id\":\"https:\/\/www.bimandco.com\/bim\/#website\",\"url\":\"https:\/\/www.bimandco.com\/bim\/\",\"name\":\"BIM&amp;CO\",\"description\":\"\",\"publisher\":{\"@id\":\"https:\/\/www.bimandco.com\/bim\/#organization\"},\"potentialAction\":[{\"@type\":\"SearchAction\",\"target\":{\"@type\":\"EntryPoint\",\"urlTemplate\":\"https:\/\/www.bimandco.com\/bim\/?s={search_term_string}\"},\"query-input\":{\"@type\":\"PropertyValueSpecification\",\"valueRequired\":true,\"valueName\":\"search_term_string\"}}],\"inLanguage\":\"fr-FR\"},{\"@type\":\"Organization\",\"@id\":\"https:\/\/www.bimandco.com\/bim\/#organization\",\"name\":\"BIM&amp;CO\",\"url\":\"https:\/\/www.bimandco.com\/bim\/\",\"logo\":{\"@type\":\"ImageObject\",\"inLanguage\":\"fr-FR\",\"@id\":\"https:\/\/www.bimandco.com\/bim\/#\/schema\/logo\/image\/\",\"url\":\"https:\/\/www.bimandco.com\/bim\/wp-content\/uploads\/2023\/03\/logo-bimandco-1.svg\",\"contentUrl\":\"https:\/\/www.bimandco.com\/bim\/wp-content\/uploads\/2023\/03\/logo-bimandco-1.svg\",\"width\":102,\"height\":50,\"caption\":\"BIM&amp;CO\"},\"image\":{\"@id\":\"https:\/\/www.bimandco.com\/bim\/#\/schema\/logo\/image\/\"}}]}<\/script>\n<!-- \/ Yoast SEO plugin. -->","yoast_head_json":{"title":"A nossa miss\u00e3o - BIM&amp;CO","robots":{"index":"index","follow":"follow","max-snippet":"max-snippet:-1","max-image-preview":"max-image-preview:large","max-video-preview":"max-video-preview:-1"},"canonical":"https:\/\/www.bimandco.com\/bim\/pt\/a-nossa-missao\/","og_locale":"fr_FR","og_type":"article","og_title":"A nossa miss\u00e3o - BIM&amp;CO","og_url":"https:\/\/www.bimandco.com\/bim\/pt\/a-nossa-missao\/","og_site_name":"BIM&amp;CO","article_modified_time":"2020-06-22T06:25:16+00:00","twitter_card":"summary_large_image","schema":{"@context":"https:\/\/schema.org","@graph":[{"@type":"WebPage","@id":"https:\/\/www.bimandco.com\/bim\/pt\/a-nossa-missao\/","url":"https:\/\/www.bimandco.com\/bim\/pt\/a-nossa-missao\/","name":"A nossa miss\u00e3o - BIM&amp;CO","isPartOf":{"@id":"https:\/\/www.bimandco.com\/bim\/#website"},"datePublished":"2020-04-27T09:09:14+00:00","dateModified":"2020-06-22T06:25:16+00:00","breadcrumb":{"@id":"https:\/\/www.bimandco.com\/bim\/pt\/a-nossa-missao\/#breadcrumb"},"inLanguage":"fr-FR","potentialAction":[{"@type":"ReadAction","target":["https:\/\/www.bimandco.com\/bim\/pt\/a-nossa-missao\/"]}]},{"@type":"BreadcrumbList","@id":"https:\/\/www.bimandco.com\/bim\/pt\/a-nossa-missao\/#breadcrumb","itemListElement":[{"@type":"ListItem","position":1,"name":"Accueil","item":"https:\/\/www.bimandco.com\/bim\/fr\/"},{"@type":"ListItem","position":2,"name":"A nossa miss\u00e3o"}]},{"@type":"WebSite","@id":"https:\/\/www.bimandco.com\/bim\/#website","url":"https:\/\/www.bimandco.com\/bim\/","name":"BIM&amp;CO","description":"","publisher":{"@id":"https:\/\/www.bimandco.com\/bim\/#organization"},"potentialAction":[{"@type":"SearchAction","target":{"@type":"EntryPoint","urlTemplate":"https:\/\/www.bimandco.com\/bim\/?s={search_term_string}"},"query-input":{"@type":"PropertyValueSpecification","valueRequired":true,"valueName":"search_term_string"}}],"inLanguage":"fr-FR"},{"@type":"Organization","@id":"https:\/\/www.bimandco.com\/bim\/#organization","name":"BIM&amp;CO","url":"https:\/\/www.bimandco.com\/bim\/","logo":{"@type":"ImageObject","inLanguage":"fr-FR","@id":"https:\/\/www.bimandco.com\/bim\/#\/schema\/logo\/image\/","url":"https:\/\/www.bimandco.com\/bim\/wp-content\/uploads\/2023\/03\/logo-bimandco-1.svg","contentUrl":"https:\/\/www.bimandco.com\/bim\/wp-content\/uploads\/2023\/03\/logo-bimandco-1.svg","width":102,"height":50,"caption":"BIM&amp;CO"},"image":{"@id":"https:\/\/www.bimandco.com\/bim\/#\/schema\/logo\/image\/"}}]}},"_links":{"self":[{"href":"https:\/\/www.bimandco.com\/bim\/wp-json\/wp\/v2\/pages\/3303","targetHints":{"allow":["GET"]}}],"collection":[{"href":"https:\/\/www.bimandco.com\/bim\/wp-json\/wp\/v2\/pages"}],"about":[{"href":"https:\/\/www.bimandco.com\/bim\/wp-json\/wp\/v2\/types\/page"}],"author":[{"embeddable":true,"href":"https:\/\/www.bimandco.com\/bim\/wp-json\/wp\/v2\/users\/2"}],"replies":[{"embeddable":true,"href":"https:\/\/www.bimandco.com\/bim\/wp-json\/wp\/v2\/comments?post=3303"}],"version-history":[{"count":9,"href":"https:\/\/www.bimandco.com\/bim\/wp-json\/wp\/v2\/pages\/3303\/revisions"}],"predecessor-version":[{"id":4271,"href":"https:\/\/www.bimandco.com\/bim\/wp-json\/wp\/v2\/pages\/3303\/revisions\/4271"}],"wp:attachment":[{"href":"https:\/\/www.bimandco.com\/bim\/wp-json\/wp\/v2\/media?parent=3303"}],"curies":[{"name":"wp","href":"https:\/\/api.w.org\/{rel}","templated":true}]}}